Last updated on 2025-11-04 07:50:03 CET.
| Flavor | Version | Tinstall | Tcheck | Ttotal | Status | Flags | 
|---|---|---|---|---|---|---|
| r-devel-linux-x86_64-debian-clang | 0.1.1 | 5.66 | 39.85 | 45.51 | NOTE | |
| r-devel-linux-x86_64-debian-gcc | 0.1.1 | 5.02 | 32.13 | 37.15 | NOTE | |
| r-devel-linux-x86_64-fedora-clang | 0.1.1 | 14.00 | 55.84 | 69.84 | OK | |
| r-devel-linux-x86_64-fedora-gcc | 0.1.1 | 15.00 | 53.28 | 68.28 | OK | |
| r-devel-windows-x86_64 | 0.1.1 | 9.00 | 54.00 | 63.00 | OK | |
| r-patched-linux-x86_64 | 0.1.1 | 6.57 | 37.62 | 44.19 | OK | |
| r-release-linux-x86_64 | 0.1.1 | 5.26 | 37.93 | 43.19 | OK | |
| r-release-macos-arm64 | 0.1.1 | 5.00 | 23.00 | 28.00 | OK | |
| r-release-macos-x86_64 | 0.1.1 | 7.00 | 40.00 | 47.00 | OK | |
| r-release-windows-x86_64 | 0.1.1 | 9.00 | 53.00 | 62.00 | OK | |
| r-oldrel-macos-arm64 | 0.1.1 | 4.00 | 22.00 | 26.00 | OK | |
| r-oldrel-macos-x86_64 | 0.1.1 | 7.00 | 30.00 | 37.00 | OK | |
| r-oldrel-windows-x86_64 | 0.1.1 | 12.00 | 65.00 | 77.00 | OK | 
Version: 0.1.1
Check: CRAN incoming feasibility
Result: NOTE
  Maintainer: ‘Taiane Schaedler Prass <taianeprass@gmail.com>’
  
  The Description field contains
    <arXiv:2303.04754>) and has been found to outperform several other
  Please refer to arXiv e-prints via their arXiv DOI <doi:10.48550/arXiv.YYMM.NNNNN>.
Flavors: r-devel-linux-x86_64-debian-clang, r-devel-linux-x86_64-debian-gcc