Last updated on 2024-05-01 12:55:47 CEST.
Flavor | Version | Tinstall | Tcheck | Ttotal | Status | Flags |
---|---|---|---|---|---|---|
r-devel-linux-x86_64-debian-clang | 2.1.7 | 44.75 | 238.53 | 283.28 | NOTE | |
r-devel-linux-x86_64-debian-gcc | 2.1.7 | 40.03 | 170.26 | 210.29 | NOTE | |
r-devel-linux-x86_64-fedora-clang | 2.1.7 | 349.78 | NOTE | |||
r-devel-linux-x86_64-fedora-gcc | 2.1.7 | 349.72 | NOTE | |||
r-devel-windows-x86_64 | 2.1.7 | 39.00 | 191.00 | 230.00 | NOTE | |
r-patched-linux-x86_64 | 2.1.7 | 46.71 | 223.30 | 270.01 | NOTE | |
r-release-linux-x86_64 | 2.1.7 | 47.92 | 227.36 | 275.28 | NOTE | |
r-release-macos-arm64 | 2.1.7 | 94.00 | NOTE | |||
r-release-windows-x86_64 | 2.1.7 | 39.00 | 192.00 | 231.00 | NOTE | |
r-oldrel-macos-arm64 | 2.1.7 | 108.00 | NOTE | |||
r-oldrel-macos-x86_64 | 2.1.7 | 177.00 | NOTE | |||
r-oldrel-windows-x86_64 | 2.1.7 | 51.00 | 260.00 | 311.00 | NOTE |
Version: 2.1.7
Check: C++ specification
Result: NOTE
Specified C++11: please drop specification unless essential
Flavors: r-devel-linux-x86_64-debian-clang, r-devel-linux-x86_64-debian-gcc, r-devel-linux-x86_64-fedora-clang, r-devel-linux-x86_64-fedora-gcc, r-devel-windows-x86_64, r-patched-linux-x86_64, r-release-linux-x86_64, r-release-macos-arm64, r-release-windows-x86_64, r-oldrel-macos-arm64, r-oldrel-macos-x86_64, r-oldrel-windows-x86_64
Version: 2.1.7
Check: Rd files
Result: NOTE
checkRd: (-1) summary.POUMM.Rd:28: Lost braces; missing escapes or markup?
28 | \item{stats}{a named list of functions of the form function(par) { number },
| ^
Flavors: r-devel-linux-x86_64-debian-clang, r-devel-linux-x86_64-debian-gcc, r-devel-linux-x86_64-fedora-clang, r-devel-linux-x86_64-fedora-gcc, r-devel-windows-x86_64, r-patched-linux-x86_64, r-release-linux-x86_64, r-release-macos-arm64, r-release-windows-x86_64
Version: 2.1.7
Check: installed package size
Result: NOTE
installed size is 7.2Mb
sub-directories of 1Mb or more:
libs 6.5Mb
Flavors: r-release-macos-arm64, r-oldrel-macos-arm64, r-oldrel-macos-x86_64