Last updated on 2024-05-13 11:56:44 CEST.
Flavor | Version | Tinstall | Tcheck | Ttotal | Status | Flags |
---|---|---|---|---|---|---|
r-devel-linux-x86_64-debian-clang | 0.1.0 | 1.74 | 20.54 | 22.28 | NOTE | |
r-devel-linux-x86_64-debian-gcc | 0.1.0 | 1.24 | 16.05 | 17.29 | NOTE | |
r-devel-linux-x86_64-fedora-clang | 0.1.0 | 28.21 | NOTE | |||
r-devel-linux-x86_64-fedora-gcc | 0.1.0 | 30.48 | NOTE | |||
r-devel-windows-x86_64 | 0.1.0 | 2.00 | 38.00 | 40.00 | NOTE | |
r-patched-linux-x86_64 | 0.1.0 | 1.60 | 19.73 | 21.33 | NOTE | |
r-release-linux-x86_64 | 0.1.0 | 1.57 | 19.56 | 21.13 | NOTE | |
r-release-macos-arm64 | 0.1.0 | 14.00 | NOTE | |||
r-release-windows-x86_64 | 0.1.0 | 2.00 | 38.00 | 40.00 | NOTE | |
r-oldrel-macos-arm64 | 0.1.0 | 14.00 | NOTE | |||
r-oldrel-macos-x86_64 | 0.1.0 | 18.00 | NOTE | |||
r-oldrel-windows-x86_64 | 0.1.0 | 2.00 | 36.00 | 38.00 | NOTE |
Version: 0.1.0
Check: LazyData
Result: NOTE
'LazyData' is specified without a 'data' directory
Flavors: r-devel-linux-x86_64-debian-clang, r-devel-linux-x86_64-debian-gcc, r-devel-linux-x86_64-fedora-clang, r-devel-linux-x86_64-fedora-gcc, r-devel-windows-x86_64, r-patched-linux-x86_64, r-release-linux-x86_64, r-release-macos-arm64, r-release-windows-x86_64, r-oldrel-macos-arm64, r-oldrel-macos-x86_64, r-oldrel-windows-x86_64