Last updated on 2025-02-21 13:50:58 CET.
Flavor | Version | Tinstall | Tcheck | Ttotal | Status | Flags |
---|---|---|---|---|---|---|
r-devel-linux-x86_64-debian-clang | 1.5 | 9.95 | 45.18 | 55.13 | OK | |
r-devel-linux-x86_64-debian-gcc | 1.5 | 6.97 | 30.19 | 37.16 | OK | |
r-devel-linux-x86_64-fedora-clang | 1.5 | 89.43 | OK | |||
r-devel-linux-x86_64-fedora-gcc | 1.5 | 84.54 | OK | |||
r-devel-macos-arm64 | 1.5 | 24.00 | OK | |||
r-devel-macos-x86_64 | 1.5 | 45.00 | OK | |||
r-devel-windows-x86_64 | 1.5 | 11.00 | 58.00 | 69.00 | OK | |
r-patched-linux-x86_64 | 1.5 | 9.16 | 42.35 | 51.51 | NOTE | |
r-release-linux-x86_64 | 1.5 | 9.83 | 42.39 | 52.22 | NOTE | |
r-release-macos-arm64 | 1.5 | 23.00 | NOTE | |||
r-release-macos-x86_64 | 1.5 | 38.00 | NOTE | |||
r-release-windows-x86_64 | 1.5 | 11.00 | 56.00 | 67.00 | NOTE | |
r-oldrel-macos-arm64 | 1.5 | 25.00 | NOTE | |||
r-oldrel-macos-x86_64 | 1.5 | 39.00 | NOTE | |||
r-oldrel-windows-x86_64 | 1.5 | 13.00 | 64.00 | 77.00 | NOTE |
Version: 1.5
Check: LazyData
Result: NOTE
'LazyData' is specified without a 'data' directory
Flavors: r-patched-linux-x86_64, r-release-linux-x86_64, r-release-macos-arm64, r-release-macos-x86_64, r-release-windows-x86_64, r-oldrel-macos-arm64, r-oldrel-macos-x86_64, r-oldrel-windows-x86_64