Last updated on 2025-11-25 07:50:05 CET.
| Flavor | Version | Tinstall | Tcheck | Ttotal | Status | Flags |
|---|---|---|---|---|---|---|
| r-devel-linux-x86_64-debian-clang | 1.5 | 9.61 | 48.26 | 57.87 | NOTE | |
| r-devel-linux-x86_64-debian-gcc | 1.5 | 5.92 | 32.35 | 38.27 | NOTE | |
| r-devel-linux-x86_64-fedora-clang | 1.5 | 20.00 | 70.56 | 90.56 | OK | |
| r-devel-linux-x86_64-fedora-gcc | 1.5 | 22.00 | 59.93 | 81.93 | OK | |
| r-devel-windows-x86_64 | 1.5 | 13.00 | 56.00 | 69.00 | OK | |
| r-patched-linux-x86_64 | 1.5 | 9.67 | 44.42 | 54.09 | OK | |
| r-release-linux-x86_64 | 1.5 | 8.26 | 44.39 | 52.65 | OK | |
| r-release-macos-arm64 | 1.5 | OK | ||||
| r-release-macos-x86_64 | 1.5 | 7.00 | 37.00 | 44.00 | OK | |
| r-release-windows-x86_64 | 1.5 | 12.00 | 67.00 | 79.00 | OK | |
| r-oldrel-macos-arm64 | 1.5 | NOTE | ||||
| r-oldrel-macos-x86_64 | 1.5 | 6.00 | 32.00 | 38.00 | NOTE | |
| r-oldrel-windows-x86_64 | 1.5 | 15.00 | 67.00 | 82.00 | NOTE |
Version: 1.5
Check: CRAN incoming feasibility
Result: NOTE
Maintainer: ‘Eun-Kyung Lee <lee.eunk@gmail.com>’
No Authors@R field in DESCRIPTION.
Please add one, modifying
Authors@R: c(person(given = "Eun-Kyung",
family = "Lee",
role = c("aut", "cre"),
email = "lee.eunk@gmail.com"),
person(given = "Hye-sun",
family = "Cho",
role = "aut"))
as necessary.
Flavors: r-devel-linux-x86_64-debian-clang, r-devel-linux-x86_64-debian-gcc
Version: 1.5
Check: LazyData
Result: NOTE
'LazyData' is specified without a 'data' directory
Flavors: r-oldrel-macos-arm64, r-oldrel-macos-x86_64, r-oldrel-windows-x86_64