CRAN Package Check Results for Package PKbioanalysis

Last updated on 2025-06-30 15:49:46 CEST.

Flavor Version Tinstall Tcheck Ttotal Status Flags
r-devel-linux-x86_64-debian-clang 0.3.0 13.62 111.92 125.54 OK
r-devel-linux-x86_64-debian-gcc 0.3.0 9.09 75.26 84.35 OK
r-devel-linux-x86_64-fedora-clang 0.3.0 207.09 OK
r-devel-linux-x86_64-fedora-gcc 0.3.0 176.59 OK
r-devel-windows-x86_64 0.3.0 14.00 108.00 122.00 OK
r-patched-linux-x86_64 OK
r-release-linux-x86_64 0.3.0 12.54 100.63 113.17 OK
r-release-macos-arm64 0.3.0 62.00 OK
r-release-macos-x86_64 0.3.0 136.00 WARN
r-release-windows-x86_64 0.3.0 14.00 107.00 121.00 OK
r-oldrel-macos-arm64 0.3.0 57.00 OK
r-oldrel-macos-x86_64 0.3.0 139.00 OK
r-oldrel-windows-x86_64 0.3.0 19.00 142.00 161.00 OK

Check Details

Version: 0.3.0
Check: loading without being on the library search path
Result: WARN Error: package or namespace load failed for ‘PKbioanalysis’ in loadNamespace(j <- i[[1L]], c(lib.loc, .libPaths()), versionCheck = vI[[j]]): there is no package called ‘dplyr’ Execution halted It looks like this package has a loading problem when not on .libPaths: see the messages for details. Flavor: r-release-macos-x86_64