Last updated on 2025-02-22 12:50:44 CET.
Flavor | Version | Tinstall | Tcheck | Ttotal | Status | Flags |
---|---|---|---|---|---|---|
r-devel-linux-x86_64-debian-clang | 1.2.1 | 2.67 | 18.39 | 21.06 | OK | |
r-devel-linux-x86_64-debian-gcc | 1.2.1 | 2.04 | 15.08 | 17.12 | OK | |
r-devel-linux-x86_64-fedora-clang | 1.2.1 | 33.42 | NOTE | |||
r-devel-linux-x86_64-fedora-gcc | 1.2.1 | 32.90 | NOTE | |||
r-devel-macos-arm64 | 1.2.1 | 15.00 | OK | |||
r-devel-macos-x86_64 | 1.2.1 | 24.00 | OK | |||
r-devel-windows-x86_64 | 1.2.1 | 5.00 | 42.00 | 47.00 | OK | |
r-patched-linux-x86_64 | 1.2.1 | 2.49 | 17.57 | 20.06 | OK | |
r-release-linux-x86_64 | 1.2.1 | 2.34 | 17.93 | 20.27 | OK | |
r-release-macos-arm64 | 1.2.1 | 16.00 | OK | |||
r-release-macos-x86_64 | 1.2.1 | 20.00 | OK | |||
r-release-windows-x86_64 | 1.2.1 | 5.00 | 38.00 | 43.00 | OK | |
r-oldrel-macos-arm64 | 1.2.1 | 17.00 | OK | |||
r-oldrel-macos-x86_64 | 1.2.1 | 21.00 | OK | |||
r-oldrel-windows-x86_64 | 1.2.1 | 5.00 | 38.00 | 43.00 | OK |
Version: 1.2.1
Check: compiled code
Result: NOTE
File ‘PDSCE/libs/PDSCE.so’:
Found no calls to: ‘R_registerRoutines’, ‘R_useDynamicSymbols’
It is good practice to register native routines and to disable symbol
search.
See ‘Writing portable packages’ in the ‘Writing R Extensions’ manual.
Flavors: r-devel-linux-x86_64-fedora-clang, r-devel-linux-x86_64-fedora-gcc