Last updated on 2025-11-04 07:50:02 CET.
| Flavor | Version | Tinstall | Tcheck | Ttotal | Status | Flags | 
|---|---|---|---|---|---|---|
| r-devel-linux-x86_64-debian-clang | 2.7.2 | 5.91 | 58.98 | 64.89 | NOTE | |
| r-devel-linux-x86_64-debian-gcc | 2.7.2 | 5.46 | 44.70 | 50.16 | NOTE | |
| r-devel-linux-x86_64-fedora-clang | 2.7.2 | 19.00 | 82.06 | 101.06 | OK | |
| r-devel-linux-x86_64-fedora-gcc | 2.7.2 | 14.00 | 81.59 | 95.59 | OK | |
| r-devel-windows-x86_64 | 2.7.2 | 8.00 | 70.00 | 78.00 | OK | |
| r-patched-linux-x86_64 | 2.7.2 | 6.32 | 55.46 | 61.78 | OK | |
| r-release-linux-x86_64 | 2.7.2 | 5.76 | 55.68 | 61.44 | OK | |
| r-release-macos-arm64 | 2.7.2 | 4.00 | 32.00 | 36.00 | OK | |
| r-release-macos-x86_64 | 2.7.2 | 5.00 | 53.00 | 58.00 | OK | |
| r-release-windows-x86_64 | 2.7.2 | 7.00 | 67.00 | 74.00 | OK | |
| r-oldrel-macos-arm64 | 2.7.2 | 3.00 | 28.00 | 31.00 | OK | |
| r-oldrel-macos-x86_64 | 2.7.2 | 5.00 | 41.00 | 46.00 | OK | |
| r-oldrel-windows-x86_64 | 2.7.2 | 10.00 | 84.00 | 94.00 | OK | 
Version: 2.7.2
Check: CRAN incoming feasibility
Result: NOTE
  Maintainer: ‘Kristof Meers <kristof.meers+cran@kuleuven.be>’
  
  No Authors@R field in DESCRIPTION.
  Please add one, modifying
    Authors@R: c(person(given = "Marlies",
                        family = "Vervloet",
                        role = c("aut", "cre")),
                 person(given = "Henk",
                        family = "Kiers",
                        role = "aut"),
                 person(given = "Eva",
                        family = "Ceulemans",
                        role = "ctb"),
                 person(given = "Kristof",
                        family = "Meers",
                        role = "cre",
                        email = "kristof.meers+cran@kuleuven.be"))
  as necessary.
Flavors: r-devel-linux-x86_64-debian-clang, r-devel-linux-x86_64-debian-gcc