CRAN Package Check Results for Package ORTSC

Last updated on 2025-06-30 15:49:45 CEST.

Flavor Version Tinstall Tcheck Ttotal Status Flags
r-devel-linux-x86_64-debian-clang 1.0.0 3.14 30.21 33.35 OK
r-devel-linux-x86_64-debian-gcc 1.0.0 2.38 23.52 25.90 OK
r-devel-linux-x86_64-fedora-clang 1.0.0 56.96 OK
r-devel-linux-x86_64-fedora-gcc 1.0.0 50.74 OK
r-devel-windows-x86_64 1.0.0 6.00 55.00 61.00 OK
r-patched-linux-x86_64 OK
r-release-linux-x86_64 1.0.0 3.35 28.46 31.81 OK
r-release-macos-arm64 1.0.0 24.00 OK
r-release-macos-x86_64 1.0.0 37.00 OK
r-release-windows-x86_64 1.0.0 6.00 54.00 60.00 OK
r-oldrel-macos-arm64 1.0.0 22.00 NOTE
r-oldrel-macos-x86_64 1.0.0 30.00 NOTE
r-oldrel-windows-x86_64 1.0.0 6.00 59.00 65.00 NOTE

Check Details

Version: 1.0.0
Check: LazyData
Result: NOTE 'LazyData' is specified without a 'data' directory Flavors: r-oldrel-macos-arm64, r-oldrel-macos-x86_64, r-oldrel-windows-x86_64