Last updated on 2025-11-04 07:50:01 CET.
| Flavor | Version | Tinstall | Tcheck | Ttotal | Status | Flags | 
|---|---|---|---|---|---|---|
| r-devel-linux-x86_64-debian-clang | 0.3 | 10.72 | 97.56 | 108.28 | OK | |
| r-devel-linux-x86_64-debian-gcc | 0.3 | 7.59 | 70.41 | 78.00 | OK | |
| r-devel-linux-x86_64-fedora-clang | 0.3 | 22.00 | 152.64 | 174.64 | NOTE | |
| r-devel-linux-x86_64-fedora-gcc | 0.3 | 19.00 | 135.28 | 154.28 | NOTE | |
| r-devel-windows-x86_64 | 0.3 | 11.00 | 98.00 | 109.00 | OK | |
| r-patched-linux-x86_64 | 0.3 | 9.64 | 91.36 | 101.00 | OK | |
| r-release-linux-x86_64 | 0.3 | 9.56 | 92.74 | 102.30 | OK | |
| r-release-macos-arm64 | 0.3 | 4.00 | 37.00 | 41.00 | OK | |
| r-release-macos-x86_64 | 0.3 | 8.00 | 69.00 | 77.00 | OK | |
| r-release-windows-x86_64 | 0.3 | 10.00 | 94.00 | 104.00 | OK | |
| r-oldrel-macos-arm64 | 0.3 | 4.00 | 36.00 | 40.00 | NOTE | |
| r-oldrel-macos-x86_64 | 0.3 | 6.00 | 57.00 | 63.00 | NOTE | |
| r-oldrel-windows-x86_64 | 0.3 | 16.00 | 125.00 | 141.00 | NOTE | 
Version: 0.3
Check: dependencies in R code
Result: NOTE
  Namespaces in Imports field not imported from:
    ‘randomForest’ ‘ranger’
    All declared Imports should be used.
Flavors: r-devel-linux-x86_64-fedora-clang, r-devel-linux-x86_64-fedora-gcc
Version: 0.3
Check: LazyData
Result: NOTE
    'LazyData' is specified without a 'data' directory
Flavors: r-oldrel-macos-arm64, r-oldrel-macos-x86_64, r-oldrel-windows-x86_64