Last updated on 2024-05-09 12:49:18 CEST.
Flavor | Version | Tinstall | Tcheck | Ttotal | Status | Flags |
---|---|---|---|---|---|---|
r-devel-linux-x86_64-debian-clang | 0.1 | 2.71 | 24.70 | 27.41 | NOTE | |
r-devel-linux-x86_64-debian-gcc | 0.1 | 1.98 | 18.69 | 20.67 | NOTE | |
r-devel-linux-x86_64-fedora-clang | 0.1 | 33.56 | NOTE | |||
r-devel-linux-x86_64-fedora-gcc | 0.1 | 36.37 | NOTE | |||
r-devel-windows-x86_64 | 0.1 | 3.00 | 41.00 | 44.00 | NOTE | |
r-patched-linux-x86_64 | 0.1 | 3.67 | 23.61 | 27.28 | NOTE | |
r-release-linux-x86_64 | 0.1 | 2.01 | 23.25 | 25.26 | NOTE | |
r-release-macos-arm64 | 0.1 | 14.00 | NOTE | |||
r-release-windows-x86_64 | 0.1 | 3.00 | 39.00 | 42.00 | NOTE | |
r-oldrel-macos-arm64 | 0.1 | 18.00 | NOTE | |||
r-oldrel-macos-x86_64 | 0.1 | 19.00 | NOTE | |||
r-oldrel-windows-x86_64 | 0.1 | 5.00 | 39.00 | 44.00 | NOTE |
Version: 0.1
Check: Rd files
Result: NOTE
checkRd: (-1) mle_parameters.Rd:36: Lost braces in \itemize; meant \describe ?
checkRd: (-1) mle_parameters.Rd:37: Lost braces in \itemize; meant \describe ?
checkRd: (-1) mle_parameters.Rd:38: Lost braces in \itemize; meant \describe ?
checkRd: (-1) mle_parameters.Rd:39: Lost braces in \itemize; meant \describe ?
checkRd: (-1) mle_parameters.Rd:40: Lost braces in \itemize; meant \describe ?
checkRd: (-1) mle_parameters.Rd:41: Lost braces in \itemize; meant \describe ?
checkRd: (-1) mle_parameters.Rd:42: Lost braces in \itemize; meant \describe ?
Flavors: r-devel-linux-x86_64-debian-clang, r-devel-linux-x86_64-debian-gcc, r-devel-linux-x86_64-fedora-clang, r-devel-linux-x86_64-fedora-gcc, r-devel-windows-x86_64, r-patched-linux-x86_64, r-release-linux-x86_64, r-release-macos-arm64, r-release-windows-x86_64
Version: 0.1
Check: LazyData
Result: NOTE
'LazyData' is specified without a 'data' directory
Flavors: r-devel-linux-x86_64-debian-clang, r-devel-linux-x86_64-debian-gcc, r-devel-linux-x86_64-fedora-clang, r-devel-linux-x86_64-fedora-gcc, r-devel-windows-x86_64, r-patched-linux-x86_64, r-release-linux-x86_64, r-release-macos-arm64, r-release-windows-x86_64, r-oldrel-macos-arm64, r-oldrel-macos-x86_64, r-oldrel-windows-x86_64