Last updated on 2024-05-09 12:49:18 CEST.
Flavor | Version | Tinstall | Tcheck | Ttotal | Status | Flags |
---|---|---|---|---|---|---|
r-devel-linux-x86_64-debian-clang | 0.1.0 | 1.79 | 26.16 | 27.95 | NOTE | |
r-devel-linux-x86_64-debian-gcc | 0.1.0 | 1.72 | 19.94 | 21.66 | NOTE | |
r-devel-linux-x86_64-fedora-clang | 0.1.0 | 36.23 | NOTE | |||
r-devel-linux-x86_64-fedora-gcc | 0.1.0 | 61.50 | NOTE | |||
r-devel-windows-x86_64 | 0.1.0 | 3.00 | 42.00 | 45.00 | NOTE | |
r-patched-linux-x86_64 | 0.1.0 | 2.05 | 25.27 | 27.32 | NOTE | |
r-release-linux-x86_64 | 0.1.0 | 1.98 | 25.05 | 27.03 | NOTE | |
r-release-macos-arm64 | 0.1.0 | 23.00 | NOTE | |||
r-release-windows-x86_64 | 0.1.0 | 3.00 | 42.00 | 45.00 | NOTE | |
r-oldrel-macos-arm64 | 0.1.0 | 23.00 | NOTE | |||
r-oldrel-macos-x86_64 | 0.1.0 | 34.00 | NOTE | |||
r-oldrel-windows-x86_64 | 0.1.0 | 2.00 | 40.00 | 42.00 | NOTE |
Version: 0.1.0
Check: LazyData
Result: NOTE
'LazyData' is specified without a 'data' directory
Flavors: r-devel-linux-x86_64-debian-clang, r-devel-linux-x86_64-debian-gcc, r-devel-linux-x86_64-fedora-clang, r-devel-linux-x86_64-fedora-gcc, r-devel-windows-x86_64, r-patched-linux-x86_64, r-release-linux-x86_64, r-release-macos-arm64, r-release-windows-x86_64, r-oldrel-macos-arm64, r-oldrel-macos-x86_64, r-oldrel-windows-x86_64