Last updated on 2024-05-11 12:48:08 CEST.
Flavor | Version | Tinstall | Tcheck | Ttotal | Status | Flags |
---|---|---|---|---|---|---|
r-devel-linux-x86_64-debian-clang | 1.0 | 42.58 | 310.81 | 353.39 | OK | |
r-devel-linux-x86_64-debian-gcc | 1.0 | 32.31 | 226.32 | 258.63 | OK | |
r-devel-linux-x86_64-fedora-clang | 1.0 | 439.49 | NOTE | |||
r-devel-linux-x86_64-fedora-gcc | 1.0 | 558.16 | NOTE | |||
r-devel-windows-x86_64 | 1.0 | 27.00 | 216.00 | 243.00 | OK | |
r-patched-linux-x86_64 | 1.0 | 38.78 | 292.56 | 331.34 | OK | |
r-release-linux-x86_64 | 1.0 | 0.54 | 2.16 | 2.70 | ERROR | |
r-release-macos-arm64 | 1.0 | 103.00 | OK | |||
r-release-windows-x86_64 | 1.0 | 25.00 | 215.00 | 240.00 | OK | |
r-oldrel-macos-arm64 | 1.0 | 102.00 | OK | |||
r-oldrel-macos-x86_64 | 1.0 | 169.00 | OK | |||
r-oldrel-windows-x86_64 | 1.0 | 34.00 | 269.00 | 303.00 | OK |
Version: 1.0
Check: dependencies in R code
Result: NOTE
Namespace in Imports field not imported from: ‘magick’
All declared Imports should be used.
Flavors: r-devel-linux-x86_64-fedora-clang, r-devel-linux-x86_64-fedora-gcc
Version: 1.0
Check: package dependencies
Result: ERROR
Package required but not available: ‘RBesT’
See section ‘The DESCRIPTION file’ in the ‘Writing R Extensions’
manual.
Flavor: r-release-linux-x86_64