Last updated on 2025-02-21 13:50:57 CET.
Flavor | Version | Tinstall | Tcheck | Ttotal | Status | Flags |
---|---|---|---|---|---|---|
r-devel-linux-x86_64-debian-clang | 1.0.3 | 58.09 | 54.01 | 112.10 | OK | |
r-devel-linux-x86_64-debian-gcc | 1.0.3 | 47.34 | 41.01 | 88.35 | OK | |
r-devel-macos-arm64 | 1.0.3 | 48.00 | OK | |||
r-devel-macos-x86_64 | 1.0.3 | 93.00 | OK | |||
r-devel-windows-x86_64 | 1.0.3 | 71.00 | 90.00 | 161.00 | OK | |
r-patched-linux-x86_64 | 1.0.3 | 66.73 | 51.18 | 117.91 | OK | |
r-release-linux-x86_64 | 1.0.3 | 66.38 | 51.45 | 117.83 | OK | |
r-release-macos-arm64 | 1.0.3 | 49.00 | NOTE | |||
r-release-macos-x86_64 | 1.0.3 | 75.00 | NOTE | |||
r-release-windows-x86_64 | 1.0.3 | 74.00 | 86.00 | 160.00 | OK | |
r-oldrel-macos-arm64 | 1.0.3 | 54.00 | NOTE | |||
r-oldrel-macos-x86_64 | 1.0.3 | 96.00 | NOTE | |||
r-oldrel-windows-x86_64 | 1.0.3 | 87.00 | 123.00 | 210.00 | OK |
Version: 1.0.3
Check: installed package size
Result: NOTE
installed size is 5.7Mb
sub-directories of 1Mb or more:
libs 5.6Mb
Flavors: r-release-macos-arm64, r-release-macos-x86_64, r-oldrel-macos-arm64, r-oldrel-macos-x86_64