CRAN Package Check Results for Package MultinomialCI

Last updated on 2025-11-04 07:50:00 CET.

Flavor Version Tinstall Tcheck Ttotal Status Flags
r-devel-linux-x86_64-debian-clang 1.2 1.71 18.23 19.94 NOTE
r-devel-linux-x86_64-debian-gcc 1.2 1.52 15.48 17.00 NOTE
r-devel-linux-x86_64-fedora-clang 1.2 31.15 OK
r-devel-linux-x86_64-fedora-gcc 1.2 27.71 OK
r-devel-windows-x86_64 1.2 2.00 39.00 41.00 OK
r-patched-linux-x86_64 1.2 1.81 17.23 19.04 OK
r-release-linux-x86_64 1.2 1.78 17.28 19.06 OK
r-release-macos-arm64 1.2 1.00 15.00 16.00 OK
r-release-macos-x86_64 1.2 3.00 30.00 33.00 OK
r-release-windows-x86_64 1.2 3.00 31.00 34.00 OK
r-oldrel-macos-arm64 1.2 1.00 12.00 13.00 OK
r-oldrel-macos-x86_64 1.2 2.00 28.00 30.00 OK
r-oldrel-windows-x86_64 1.2 2.00 35.00 37.00 OK

Check Details

Version: 1.2
Check: CRAN incoming feasibility
Result: NOTE Maintainer: ‘Pablo J. Villacorta <pjvi@decsai.ugr.es>’ No Authors@R field in DESCRIPTION. Please add one, modifying Authors@R: person(given = c("Pablo", "J."), family = "Villacorta", role = c("aut", "cre"), email = "pjvi@decsai.ugr.es") as necessary. Flavors: r-devel-linux-x86_64-debian-clang, r-devel-linux-x86_64-debian-gcc