Last updated on 2025-02-22 12:50:42 CET.
Flavor | Version | Tinstall | Tcheck | Ttotal | Status | Flags |
---|---|---|---|---|---|---|
r-devel-linux-x86_64-debian-clang | 2.4 | 2.44 | 20.72 | 23.16 | NOTE | |
r-devel-linux-x86_64-debian-gcc | 2.4 | 1.92 | 16.50 | 18.42 | NOTE | |
r-devel-linux-x86_64-fedora-clang | 2.4 | 36.40 | NOTE | |||
r-devel-linux-x86_64-fedora-gcc | 2.4 | 35.43 | NOTE | |||
r-devel-macos-arm64 | 2.4 | 16.00 | NOTE | |||
r-devel-macos-x86_64 | 2.4 | 39.00 | NOTE | |||
r-devel-windows-x86_64 | 2.4 | 4.00 | 46.00 | 50.00 | NOTE | |
r-patched-linux-x86_64 | 2.4 | 2.47 | 19.82 | 22.29 | NOTE | |
r-release-linux-x86_64 | 2.4 | 2.38 | 19.65 | 22.03 | NOTE | |
r-release-macos-arm64 | 2.4 | 14.00 | NOTE | |||
r-release-macos-x86_64 | 2.4 | 43.00 | NOTE | |||
r-release-windows-x86_64 | 2.4 | 3.00 | 42.00 | 45.00 | NOTE | |
r-oldrel-macos-arm64 | 2.4 | 16.00 | OK | |||
r-oldrel-macos-x86_64 | 2.4 | 23.00 | OK | |||
r-oldrel-windows-x86_64 | 2.4 | 4.00 | 45.00 | 49.00 | OK |
Version: 2.4
Check: Rd files
Result: NOTE
checkRd: (-1) MultEq-package.Rd:26-27: Lost braces in \itemize; meant \describe ?
checkRd: (-1) MultEq-package.Rd:28-29: Lost braces in \itemize; meant \describe ?
checkRd: (-1) MultEq-package.Rd:30: Lost braces in \itemize; meant \describe ?
Flavors: r-devel-linux-x86_64-debian-clang, r-devel-linux-x86_64-debian-gcc, r-devel-linux-x86_64-fedora-clang, r-devel-linux-x86_64-fedora-gcc, r-devel-macos-arm64, r-devel-macos-x86_64, r-devel-windows-x86_64, r-patched-linux-x86_64, r-release-linux-x86_64, r-release-macos-arm64, r-release-macos-x86_64, r-release-windows-x86_64