Last updated on 2025-02-21 13:50:56 CET.
Flavor | Version | Tinstall | Tcheck | Ttotal | Status | Flags |
---|---|---|---|---|---|---|
r-devel-linux-x86_64-debian-clang | 2.12 | 172.51 | 159.49 | 332.00 | NOTE | |
r-devel-linux-x86_64-debian-gcc | 2.12 | 124.66 | 115.21 | 239.87 | NOTE | |
r-devel-linux-x86_64-fedora-clang | 2.12 | 641.48 | OK | |||
r-devel-linux-x86_64-fedora-gcc | 2.12 | 618.98 | OK | |||
r-devel-macos-arm64 | 2.12 | 124.00 | OK | |||
r-devel-macos-x86_64 | 2.12 | 216.00 | OK | |||
r-devel-windows-x86_64 | 2.12 | 188.00 | 208.00 | 396.00 | NOTE | |
r-patched-linux-x86_64 | 2.12 | 177.99 | 156.63 | 334.62 | OK | |
r-release-linux-x86_64 | 2.12 | 181.52 | 149.04 | 330.56 | OK | |
r-release-macos-arm64 | 2.12 | 129.00 | NOTE | |||
r-release-macos-x86_64 | 2.12 | 160.00 | NOTE | |||
r-release-windows-x86_64 | 2.12 | 190.00 | 206.00 | 396.00 | NOTE | |
r-oldrel-macos-arm64 | 2.12 | 139.00 | NOTE | |||
r-oldrel-macos-x86_64 | 2.12 | 213.00 | NOTE | |||
r-oldrel-windows-x86_64 | 2.12 | 232.00 | 264.00 | 496.00 | NOTE |
Version: 2.12
Check: Rd cross-references
Result: NOTE
Found the following Rd file(s) with Rd \link{} targets missing package
anchors:
getOuterViewpoints.Rd: vcgSphere
meshDist.Rd: shade3d, material3d
render.Rd: shade3d, material3d
warpmovie3d.Rd: shade3d
Please provide package anchors for all Rd \link{} targets not in the
package itself and the base packages.
Flavors: r-devel-linux-x86_64-debian-clang, r-devel-linux-x86_64-debian-gcc, r-devel-windows-x86_64
Version: 2.12
Check: installed package size
Result: NOTE
installed size is 10.8Mb
sub-directories of 1Mb or more:
data 2.0Mb
libs 7.1Mb
Flavors: r-release-macos-arm64, r-release-macos-x86_64, r-release-windows-x86_64, r-oldrel-macos-arm64, r-oldrel-macos-x86_64, r-oldrel-windows-x86_64