Last updated on 2024-05-12 13:56:55 CEST.
Flavor | Version | Tinstall | Tcheck | Ttotal | Status | Flags |
---|---|---|---|---|---|---|
r-devel-linux-x86_64-debian-clang | 2.0.0 | 5.85 | 37.13 | 42.98 | OK | |
r-devel-linux-x86_64-debian-gcc | 2.0.0 | 5.62 | 27.86 | 33.48 | OK | |
r-devel-linux-x86_64-fedora-clang | 2.0.0 | 53.67 | NOTE | |||
r-devel-linux-x86_64-fedora-gcc | 2.0.0 | 91.04 | NOTE | |||
r-devel-windows-x86_64 | 2.0.0 | 8.00 | 51.00 | 59.00 | OK | |
r-patched-linux-x86_64 | 2.0.0 | 4.94 | 34.35 | 39.29 | OK | |
r-release-linux-x86_64 | 2.0.0 | 4.05 | 35.17 | 39.22 | OK | |
r-release-macos-arm64 | 2.0.0 | 24.00 | OK | |||
r-release-windows-x86_64 | 2.0.0 | 8.00 | 51.00 | 59.00 | OK | |
r-oldrel-macos-arm64 | 2.0.0 | 26.00 | OK | |||
r-oldrel-macos-x86_64 | 2.0.0 | 32.00 | OK | |||
r-oldrel-windows-x86_64 | 2.0.0 | 11.00 | 54.00 | 65.00 | OK |
Version: 2.0.0
Check: dependencies in R code
Result: NOTE
Namespace in Imports field not imported from: ‘testthat’
All declared Imports should be used.
Flavors: r-devel-linux-x86_64-fedora-clang, r-devel-linux-x86_64-fedora-gcc