Last updated on 2025-06-30 15:49:44 CEST.
Flavor | Version | Tinstall | Tcheck | Ttotal | Status | Flags |
---|---|---|---|---|---|---|
r-devel-linux-x86_64-debian-clang | 1.4.1 | 22.76 | 233.55 | 256.31 | NOTE | |
r-devel-linux-x86_64-debian-gcc | 1.4.1 | 15.55 | 149.13 | 164.68 | NOTE | |
r-devel-linux-x86_64-fedora-clang | 1.4.1 | 414.78 | OK | |||
r-devel-linux-x86_64-fedora-gcc | 1.4.1 | 378.43 | OK | |||
r-devel-windows-x86_64 | 1.4.1 | 25.00 | 314.00 | 339.00 | NOTE | |
r-patched-linux-x86_64 | NOTE | |||||
r-release-linux-x86_64 | 1.4.1 | 22.24 | 217.80 | 240.04 | NOTE | |
r-release-macos-arm64 | 1.4.1 | 94.00 | OK | |||
r-release-macos-x86_64 | 1.4.1 | 189.00 | OK | |||
r-release-windows-x86_64 | 1.4.1 | 26.00 | 316.00 | 342.00 | NOTE | |
r-oldrel-macos-arm64 | 1.4.1 | 105.00 | OK | |||
r-oldrel-macos-x86_64 | 1.4.1 | 181.00 | OK | |||
r-oldrel-windows-x86_64 | 1.4.1 | 36.00 | 388.00 | 424.00 | OK |
Version: 1.4.1
Check: Rd cross-references
Result: NOTE
Found the following Rd file(s) with Rd \link{} targets missing package
anchors:
LDA.Rd: lda
img_plot.Rd: readJPEG
ldk_contour.Rd: kde2d
links_delaunay.Rd: delaunayn
plot.LDA.Rd: kde2d
plot.PCA.Rd: kde2d
reLDA.Rd: predict.lda
Please provide package anchors for all Rd \link{} targets not in the
package itself and the base packages.
Flavors: r-devel-linux-x86_64-debian-clang, r-devel-linux-x86_64-debian-gcc, r-devel-windows-x86_64, r-patched-linux-x86_64, r-release-linux-x86_64, r-release-windows-x86_64