Last updated on 2025-11-04 07:49:59 CET.
| Flavor | Version | Tinstall | Tcheck | Ttotal | Status | Flags | 
|---|---|---|---|---|---|---|
| r-devel-linux-x86_64-debian-clang | 4.7.2 | 106.50 | 185.26 | 291.76 | OK | |
| r-devel-linux-x86_64-debian-gcc | 4.7.2 | 80.90 | 119.48 | 200.38 | OK | |
| r-devel-linux-x86_64-fedora-clang | 4.7.2 | 195.00 | 293.99 | 488.99 | OK | |
| r-devel-linux-x86_64-fedora-gcc | 4.7.2 | 207.00 | 304.82 | 511.82 | OK | |
| r-devel-windows-x86_64 | 4.7.2 | 121.00 | 198.00 | 319.00 | OK | |
| r-patched-linux-x86_64 | 4.7.2 | 122.47 | 175.97 | 298.44 | OK | |
| r-release-linux-x86_64 | 4.7.2 | 117.88 | 160.68 | 278.56 | OK | |
| r-release-macos-arm64 | 4.7.2 | 40.00 | 80.00 | 120.00 | OK | |
| r-release-macos-x86_64 | 4.7.2 | 35.00 | 155.00 | 190.00 | OK | |
| r-release-windows-x86_64 | 4.7.2 | 124.00 | 198.00 | 322.00 | OK | |
| r-oldrel-macos-arm64 | 4.7.2 | 36.00 | 82.00 | 118.00 | NOTE | |
| r-oldrel-macos-x86_64 | 4.7.2 | 32.00 | 157.00 | 189.00 | NOTE | |
| r-oldrel-windows-x86_64 | 4.7.2 | 146.00 | 248.00 | 394.00 | NOTE | 
Version: 4.7.2
Check: package dependencies
Result: NOTE
  Package suggested but not available for checking: ‘gurobi’
Flavors: r-oldrel-macos-arm64, r-oldrel-macos-x86_64, r-oldrel-windows-x86_64
Version: 4.7.2
Check: installed package size
Result: NOTE
    installed size is  9.1Mb
    sub-directories of 1Mb or more:
      doc    1.3Mb
      libs   6.6Mb
Flavors: r-oldrel-macos-arm64, r-oldrel-macos-x86_64