Last updated on 2025-11-04 07:50:00 CET.
| Flavor | Version | Tinstall | Tcheck | Ttotal | Status | Flags | 
|---|---|---|---|---|---|---|
| r-devel-linux-x86_64-debian-clang | 1.2.1 | 50.67 | 157.95 | 208.62 | NOTE | |
| r-devel-linux-x86_64-debian-gcc | 1.2.1 | 33.85 | 104.55 | 138.40 | NOTE | |
| r-devel-linux-x86_64-fedora-clang | 1.2.1 | 106.00 | 221.77 | 327.77 | OK | |
| r-devel-linux-x86_64-fedora-gcc | 1.2.1 | 113.00 | 197.39 | 310.39 | OK | |
| r-devel-windows-x86_64 | 1.2.1 | 54.00 | 175.00 | 229.00 | OK | |
| r-patched-linux-x86_64 | 1.2.1 | 49.05 | 149.77 | 198.82 | OK | |
| r-release-linux-x86_64 | 1.2.1 | 51.41 | 148.36 | 199.77 | OK | |
| r-release-macos-arm64 | 1.2.1 | 26.00 | 62.00 | 88.00 | OK | |
| r-release-macos-x86_64 | 1.2.1 | 46.00 | 149.00 | 195.00 | OK | |
| r-release-windows-x86_64 | 1.2.1 | 54.00 | 168.00 | 222.00 | OK | |
| r-oldrel-macos-arm64 | 1.2.1 | 23.00 | 56.00 | 79.00 | NOTE | |
| r-oldrel-macos-x86_64 | 1.2.1 | 38.00 | 129.00 | 167.00 | NOTE | |
| r-oldrel-windows-x86_64 | 1.2.1 | 70.00 | 213.00 | 283.00 | OK | 
Version: 1.2.1
Check: CRAN incoming feasibility
Result: NOTE
  Maintainer: ‘Ruey S. Tsay <ruey.tsay@chicagobooth.edu>’
  
  No Authors@R field in DESCRIPTION.
  Please add one, modifying
    Authors@R: c(person(given = c("Ruey", "S."),
                        family = "Tsay",
                        role = c("aut", "cre"),
                        email = "ruey.tsay@chicagobooth.edu"),
                 person(given = "David",
                        family = "Wood",
                        role = "aut"),
                 person(given = "Jon",
                        family = "Lachmann",
                        role = "ctb"))
  as necessary.
Flavors: r-devel-linux-x86_64-debian-clang, r-devel-linux-x86_64-debian-gcc
Version: 1.2.1
Check: installed package size
Result: NOTE
    installed size is  5.2Mb
    sub-directories of 1Mb or more:
      libs   4.3Mb
Flavors: r-oldrel-macos-arm64, r-oldrel-macos-x86_64