Last updated on 2025-02-05 13:51:06 CET.
Flavor | Version | Tinstall | Tcheck | Ttotal | Status | Flags |
---|---|---|---|---|---|---|
r-devel-linux-x86_64-debian-clang | 1.4 | 2.52 | 22.56 | 25.08 | OK | |
r-devel-linux-x86_64-debian-gcc | 1.4 | 1.86 | 17.79 | 19.65 | OK | |
r-devel-linux-x86_64-fedora-clang | 1.4 | 41.00 | OK | |||
r-devel-linux-x86_64-fedora-gcc | 1.4 | 38.25 | OK | |||
r-devel-windows-x86_64 | 1.4 | 4.00 | 45.00 | 49.00 | OK | |
r-patched-linux-x86_64 | 1.4 | 2.36 | 21.59 | 23.95 | NOTE | |
r-release-linux-x86_64 | 1.4 | 1.70 | 21.72 | 23.42 | NOTE | |
r-release-macos-arm64 | 1.4 | 16.00 | NOTE | |||
r-release-macos-x86_64 | 1.4 | 30.00 | NOTE | |||
r-release-windows-x86_64 | 1.4 | 3.00 | 44.00 | 47.00 | NOTE | |
r-oldrel-macos-arm64 | 1.4 | 19.00 | NOTE | |||
r-oldrel-macos-x86_64 | 1.4 | 23.00 | NOTE | |||
r-oldrel-windows-x86_64 | 1.4 | 4.00 | 47.00 | 51.00 | NOTE |
Version: 1.4
Check: LazyData
Result: NOTE
'LazyData' is specified without a 'data' directory
Flavors: r-patched-linux-x86_64, r-release-linux-x86_64, r-release-macos-arm64, r-release-macos-x86_64, r-release-windows-x86_64, r-oldrel-macos-arm64, r-oldrel-macos-x86_64, r-oldrel-windows-x86_64