Last updated on 2025-11-04 07:50:00 CET.
| Flavor | Version | Tinstall | Tcheck | Ttotal | Status | Flags | 
|---|---|---|---|---|---|---|
| r-devel-linux-x86_64-debian-clang | 2.51 | 271.33 | 349.52 | 620.85 | OK | |
| r-devel-linux-x86_64-debian-gcc | 2.51 | 221.38 | 196.83 | 418.21 | OK | |
| r-devel-linux-x86_64-fedora-clang | 2.51 | 444.00 | 615.61 | 1059.61 | OK | |
| r-devel-linux-x86_64-fedora-gcc | 2.51 | 347.00 | 775.61 | 1122.61 | OK | |
| r-devel-windows-x86_64 | 2.51 | 315.00 | 338.00 | 653.00 | OK | |
| r-patched-linux-x86_64 | 2.51 | 316.02 | 323.88 | 639.90 | OK | |
| r-release-linux-x86_64 | 2.51 | 308.36 | 327.19 | 635.55 | OK | |
| r-release-macos-arm64 | 2.51 | 110.00 | 110.00 | 220.00 | OK | |
| r-release-macos-x86_64 | 2.51 | 98.00 | 252.00 | 350.00 | OK | |
| r-release-windows-x86_64 | 2.51 | 315.00 | 329.00 | 644.00 | OK | |
| r-oldrel-macos-arm64 | 2.51 | 100.00 | 104.00 | 204.00 | NOTE | |
| r-oldrel-macos-x86_64 | 2.51 | 83.00 | 185.00 | 268.00 | NOTE | |
| r-oldrel-windows-x86_64 | 2.51 | 378.00 | 479.00 | 857.00 | NOTE | 
Version: 2.51
Check: installed package size
Result: NOTE
    installed size is 45.4Mb
    sub-directories of 1Mb or more:
      libs  45.0Mb
Flavors: r-oldrel-macos-arm64, r-oldrel-macos-x86_64, r-oldrel-windows-x86_64