Last updated on 2024-07-27 15:50:26 CEST.
Flavor | Version | Tinstall | Tcheck | Ttotal | Status | Flags |
---|---|---|---|---|---|---|
r-devel-linux-x86_64-debian-clang | 0.4-1 | 4.84 | 54.32 | 59.16 | OK | |
r-devel-linux-x86_64-debian-gcc | 0.4-1 | NOTE | ||||
r-devel-linux-x86_64-fedora-clang | 0.4-1 | 76.53 | OK | |||
r-devel-linux-x86_64-fedora-gcc | 0.4-1 | 91.33 | OK | |||
r-devel-windows-x86_64 | 0.4-1 | 8.00 | 77.00 | 85.00 | NOTE | |
r-patched-linux-x86_64 | 0.4-1 | OK | ||||
r-release-linux-x86_64 | 0.4-1 | 6.01 | 51.70 | 57.71 | OK | |
r-release-macos-arm64 | 0.4-1 | 33.00 | OK | |||
r-release-macos-x86_64 | 0.4-1 | 51.00 | WARN | |||
r-release-windows-x86_64 | 0.4-1 | 8.00 | 75.00 | 83.00 | OK | |
r-oldrel-macos-arm64 | 0.4-1 | 33.00 | OK | |||
r-oldrel-macos-x86_64 | 0.4-1 | 48.00 | OK | |||
r-oldrel-windows-x86_64 | 0.4-1 | 10.00 | 78.00 | 88.00 | OK |
Version: 0.4-1
Check: Rd cross-references
Result: NOTE
Found the following Rd file(s) with Rd \link{} targets missing package
anchors:
PEM-functions.Rd: ape
graph-functions.Rd: ape-package
trait-simulator.Rd: ape
Please provide package anchors for all Rd \link{} targets not in the
package itself and the base packages.
Flavors: r-devel-linux-x86_64-debian-gcc, r-devel-windows-x86_64
Version: 0.4-1
Check: re-building of vignette outputs
Result: WARN
Error(s) in re-building vignettes:
...
--- re-building ‘PEM_with_MPSEM.Rnw’ using knitr
Error: processing vignette 'PEM_with_MPSEM.Rnw' failed with diagnostics:
Running 'texi2dvi' on 'PEM_with_MPSEM.tex' failed.
LaTeX errors:
! Undefined control sequence.
l.119 \hlkwd{library}\hldef
{(MPSEM)}
?
! Emergency stop.
! Emergency stop.
l.119
End of file on the terminal!
! ==> Fatal error occurred, no output PDF file produced!
--- failed re-building ‘PEM_with_MPSEM.Rnw’
SUMMARY: processing the following file failed:
‘PEM_with_MPSEM.Rnw’
Error: Vignette re-building failed.
Execution halted
Flavor: r-release-macos-x86_64