Last updated on 2025-11-04 07:50:00 CET.
| Flavor | Version | Tinstall | Tcheck | Ttotal | Status | Flags | 
|---|---|---|---|---|---|---|
| r-devel-linux-x86_64-debian-clang | 0.1.3 | 1.48 | 20.36 | 21.84 | NOTE | |
| r-devel-linux-x86_64-debian-gcc | 0.1.3 | 1.22 | 17.17 | 18.39 | NOTE | |
| r-devel-linux-x86_64-fedora-clang | 0.1.3 | 32.22 | OK | |||
| r-devel-linux-x86_64-fedora-gcc | 0.1.3 | 29.41 | OK | |||
| r-devel-windows-x86_64 | 0.1.3 | 3.00 | 40.00 | 43.00 | OK | |
| r-patched-linux-x86_64 | 0.1.3 | 1.58 | 18.40 | 19.98 | OK | |
| r-release-linux-x86_64 | 0.1.3 | 1.54 | 17.99 | 19.53 | OK | |
| r-release-macos-arm64 | 0.1.3 | 1.00 | 16.00 | 17.00 | OK | |
| r-release-macos-x86_64 | 0.1.3 | 1.00 | 21.00 | 22.00 | OK | |
| r-release-windows-x86_64 | 0.1.3 | 2.00 | 37.00 | 39.00 | OK | |
| r-oldrel-macos-arm64 | 0.1.3 | 1.00 | 13.00 | 14.00 | OK | |
| r-oldrel-macos-x86_64 | 0.1.3 | 1.00 | 20.00 | 21.00 | OK | |
| r-oldrel-windows-x86_64 | 0.1.3 | 4.00 | 43.00 | 47.00 | OK | 
Version: 0.1.3
Check: CRAN incoming feasibility
Result: NOTE
  Maintainer: ‘Jarad Niemi <niemi@iastate.edu>’
  
  No Authors@R field in DESCRIPTION.
  Please add one, modifying
    Authors@R: person(given = "Jarad",
                      family = "Niemi",
                      role = c("aut", "cre"),
                      email = "niemi@iastate.edu")
  as necessary.
Flavors: r-devel-linux-x86_64-debian-clang, r-devel-linux-x86_64-debian-gcc