Last updated on 2025-11-04 07:50:00 CET.
| Flavor | Version | Tinstall | Tcheck | Ttotal | Status | Flags |
|---|---|---|---|---|---|---|
| r-devel-linux-x86_64-debian-clang | 0.2.2 | 76.33 | 65.98 | 142.31 | OK | |
| r-devel-linux-x86_64-debian-gcc | 0.2.2 | 64.19 | 52.54 | 116.73 | OK | |
| r-devel-linux-x86_64-fedora-clang | 0.2.2 | 342.00 | -106.15 | 235.85 | OK | |
| r-devel-linux-x86_64-fedora-gcc | 0.2.2 | 205.00 | 55.87 | 260.87 | OK | |
| r-devel-windows-x86_64 | 0.2.2 | 78.00 | 99.00 | 177.00 | OK | |
| r-patched-linux-x86_64 | 0.2.2 | 90.80 | 66.60 | 157.40 | OK | |
| r-release-linux-x86_64 | 0.2.2 | 90.31 | 66.93 | 157.24 | OK | |
| r-release-macos-arm64 | 0.2.2 | 32.00 | 30.00 | 62.00 | OK | |
| r-release-macos-x86_64 | 0.2.2 | 83.00 | 55.00 | 138.00 | OK | |
| r-release-windows-x86_64 | 0.2.2 | 76.00 | 97.00 | 173.00 | OK | |
| r-oldrel-macos-arm64 | 0.2.2 | 27.00 | 35.00 | 62.00 | NOTE | |
| r-oldrel-macos-x86_64 | 0.2.2 | 86.00 | 58.00 | 144.00 | NOTE | |
| r-oldrel-windows-x86_64 | 0.2.2 | 93.00 | 124.00 | 217.00 | NOTE |
Version: 0.2.2
Check: installed package size
Result: NOTE
installed size is 40.6Mb
sub-directories of 1Mb or more:
libs 40.3Mb
Flavors: r-oldrel-macos-arm64, r-oldrel-macos-x86_64, r-oldrel-windows-x86_64