Last updated on 2025-11-04 07:49:59 CET.
| Flavor | Version | Tinstall | Tcheck | Ttotal | Status | Flags | 
|---|---|---|---|---|---|---|
| r-devel-linux-x86_64-debian-clang | 0.1.0 | 20.63 | 174.48 | 195.11 | NOTE | |
| r-devel-linux-x86_64-debian-gcc | 0.1.0 | 14.43 | 117.58 | 132.01 | NOTE | |
| r-devel-linux-x86_64-fedora-clang | 0.1.0 | 99.00 | 221.51 | 320.51 | OK | |
| r-devel-linux-x86_64-fedora-gcc | 0.1.0 | 52.00 | 231.43 | 283.43 | OK | |
| r-devel-windows-x86_64 | 0.1.0 | 26.00 | 156.00 | 182.00 | OK | |
| r-patched-linux-x86_64 | 0.1.0 | 21.03 | 160.88 | 181.91 | OK | |
| r-release-linux-x86_64 | 0.1.0 | 21.24 | 158.61 | 179.85 | OK | |
| r-release-macos-arm64 | 0.1.0 | 10.00 | 58.00 | 68.00 | OK | |
| r-release-macos-x86_64 | 0.1.0 | 21.00 | 118.00 | 139.00 | OK | |
| r-release-windows-x86_64 | 0.1.0 | 27.00 | 153.00 | 180.00 | OK | |
| r-oldrel-macos-arm64 | 0.1.0 | 10.00 | 57.00 | 67.00 | OK | |
| r-oldrel-macos-x86_64 | 0.1.0 | 15.00 | 87.00 | 102.00 | OK | |
| r-oldrel-windows-x86_64 | 0.1.0 | 36.00 | 204.00 | 240.00 | OK | 
Version: 0.1.0
Check: CRAN incoming feasibility
Result: NOTE
  Maintainer: ‘Alexander Volkmann <alexander.volkmann@hu-berlin.de>’
  
  The Description field contains
    Implementation for Volkmann, Umlauf, Greven (2023) <arXiv:2311.06409>.
  Please refer to arXiv e-prints via their arXiv DOI <doi:10.48550/arXiv.YYMM.NNNNN>.
Flavors: r-devel-linux-x86_64-debian-clang, r-devel-linux-x86_64-debian-gcc