Last updated on 2025-06-30 15:49:43 CEST.
Flavor | Version | Tinstall | Tcheck | Ttotal | Status | Flags |
---|---|---|---|---|---|---|
r-devel-linux-x86_64-debian-clang | 0.1.0 | 9.88 | 99.24 | 109.12 | OK | |
r-devel-linux-x86_64-debian-gcc | 0.1.0 | 5.01 | 71.42 | 76.43 | OK | |
r-devel-linux-x86_64-fedora-clang | 0.1.0 | 158.00 | NOTE | |||
r-devel-linux-x86_64-fedora-gcc | 0.1.0 | 162.12 | NOTE | |||
r-devel-windows-x86_64 | 0.1.0 | 12.00 | 101.00 | 113.00 | OK | |
r-patched-linux-x86_64 | OK | |||||
r-release-linux-x86_64 | 0.1.0 | 9.01 | 89.13 | 98.14 | OK | |
r-release-macos-arm64 | 0.1.0 | 53.00 | OK | |||
r-release-macos-x86_64 | 0.1.0 | 129.00 | OK | |||
r-release-windows-x86_64 | 0.1.0 | 10.00 | 99.00 | 109.00 | OK | |
r-oldrel-macos-arm64 | 0.1.0 | 57.00 | OK | |||
r-oldrel-macos-x86_64 | 0.1.0 | 111.00 | OK | |||
r-oldrel-windows-x86_64 | 0.1.0 | 15.00 | 123.00 | 138.00 | OK |
Version: 0.1.0
Check: dependencies in R code
Result: NOTE
Namespaces in Imports field not imported from:
‘kableExtra’ ‘knitr’ ‘reshape2’ ‘tidyverse’
All declared Imports should be used.
Flavors: r-devel-linux-x86_64-fedora-clang, r-devel-linux-x86_64-fedora-gcc