Last updated on 2025-02-21 13:50:55 CET.
Flavor | Version | Tinstall | Tcheck | Ttotal | Status | Flags |
---|---|---|---|---|---|---|
r-devel-linux-x86_64-debian-clang | 1.0.0 | 4.44 | 46.99 | 51.43 | NOTE | |
r-devel-linux-x86_64-debian-gcc | 1.0.0 | 4.00 | 34.40 | 38.40 | NOTE | |
r-devel-linux-x86_64-fedora-clang | 1.0.0 | 81.45 | NOTE | |||
r-devel-linux-x86_64-fedora-gcc | 1.0.0 | 75.51 | NOTE | |||
r-devel-macos-arm64 | 1.0.0 | 30.00 | NOTE | |||
r-devel-macos-x86_64 | 1.0.0 | 53.00 | NOTE | |||
r-devel-windows-x86_64 | 1.0.0 | 7.00 | 72.00 | 79.00 | NOTE | |
r-patched-linux-x86_64 | 1.0.0 | 4.45 | 42.57 | 47.02 | NOTE | |
r-release-linux-x86_64 | 1.0.0 | 4.87 | 42.60 | 47.47 | NOTE | |
r-release-macos-arm64 | 1.0.0 | 27.00 | NOTE | |||
r-release-macos-x86_64 | 1.0.0 | 39.00 | NOTE | |||
r-release-windows-x86_64 | 1.0.0 | 6.00 | 70.00 | 76.00 | NOTE | |
r-oldrel-macos-arm64 | 1.0.0 | 30.00 | NOTE | |||
r-oldrel-macos-x86_64 | 1.0.0 | 43.00 | NOTE | |||
r-oldrel-windows-x86_64 | 1.0.0 | 7.00 | 91.00 | 98.00 | NOTE |
Version: 1.0.0
Check: Rd files
Result: NOTE
checkRd: (-1) pBED.Rd:34: Escaped LaTeX specials: \&
Flavors: r-devel-linux-x86_64-debian-clang, r-devel-linux-x86_64-debian-gcc, r-devel-linux-x86_64-fedora-clang, r-devel-linux-x86_64-fedora-gcc, r-devel-macos-arm64, r-devel-macos-x86_64, r-devel-windows-x86_64, r-patched-linux-x86_64, r-release-linux-x86_64, r-release-macos-arm64, r-release-macos-x86_64, r-release-windows-x86_64, r-oldrel-macos-arm64, r-oldrel-macos-x86_64, r-oldrel-windows-x86_64
Version: 1.0.0
Check: Rd cross-references
Result: NOTE
Found the following Rd file(s) with Rd \link{} targets missing package
anchors:
CDF_3dPlot.Rd: lattice
Please provide package anchors for all Rd \link{} targets not in the
package itself and the base packages.
Flavors: r-devel-linux-x86_64-debian-clang, r-devel-linux-x86_64-debian-gcc, r-devel-windows-x86_64
Version: 1.0.0
Check: dependencies in R code
Result: NOTE
Namespace in Imports field not imported from: ‘psych’
All declared Imports should be used.
Flavors: r-devel-linux-x86_64-fedora-clang, r-devel-linux-x86_64-fedora-gcc
Version: 1.0.0
Check: LazyData
Result: NOTE
'LazyData' is specified without a 'data' directory
Flavors: r-patched-linux-x86_64, r-release-linux-x86_64, r-release-macos-arm64, r-release-macos-x86_64, r-release-windows-x86_64, r-oldrel-macos-arm64, r-oldrel-macos-x86_64, r-oldrel-windows-x86_64