Last updated on 2025-06-30 15:49:43 CEST.
Flavor | Version | Tinstall | Tcheck | Ttotal | Status | Flags |
---|---|---|---|---|---|---|
r-devel-linux-x86_64-debian-clang | 0.5 | 30.87 | 59.40 | 90.27 | OK | |
r-devel-linux-x86_64-debian-gcc | 0.5 | 27.17 | 44.68 | 71.85 | OK | |
r-devel-linux-x86_64-fedora-clang | 0.5 | 156.39 | OK | |||
r-devel-linux-x86_64-fedora-gcc | 0.5 | 157.16 | OK | |||
r-devel-windows-x86_64 | 0.5 | 43.00 | 93.00 | 136.00 | OK | |
r-patched-linux-x86_64 | OK | |||||
r-release-linux-x86_64 | 0.5 | 36.34 | 58.32 | 94.66 | OK | |
r-release-macos-arm64 | 0.5 | 51.00 | OK | |||
r-release-macos-x86_64 | 0.5 | 92.00 | OK | |||
r-release-windows-x86_64 | 0.5 | 43.00 | 97.00 | 140.00 | OK | |
r-oldrel-macos-arm64 | 0.5 | 45.00 | NOTE | |||
r-oldrel-macos-x86_64 | 0.5 | 67.00 | NOTE | |||
r-oldrel-windows-x86_64 | 0.5 | 49.00 | 114.00 | 163.00 | OK |
Version: 0.5
Check: installed package size
Result: NOTE
installed size is 5.9Mb
sub-directories of 1Mb or more:
libs 5.4Mb
Flavors: r-oldrel-macos-arm64, r-oldrel-macos-x86_64