Last updated on 2025-11-03 07:48:43 CET.
| Flavor | Version | Tinstall | Tcheck | Ttotal | Status | Flags | 
|---|---|---|---|---|---|---|
| r-devel-linux-x86_64-debian-clang | 1.1.7 | 114.32 | 186.52 | 300.84 | OK | |
| r-devel-linux-x86_64-debian-gcc | 1.1.7 | 104.83 | 145.18 | 250.01 | OK | |
| r-devel-linux-x86_64-fedora-clang | 1.1.7 | 525.00 | -5.72 | 519.28 | OK | |
| r-devel-linux-x86_64-fedora-gcc | 1.1.7 | 477.00 | 107.25 | 584.25 | OK | |
| r-devel-windows-x86_64 | 1.1.7 | 136.00 | 245.00 | 381.00 | OK | |
| r-patched-linux-x86_64 | 1.1.7 | 145.54 | 196.23 | 341.77 | OK | |
| r-release-linux-x86_64 | 1.1.7 | 140.90 | 194.08 | 334.98 | OK | |
| r-release-macos-arm64 | 1.1.7 | 47.00 | 78.00 | 125.00 | OK | |
| r-release-macos-x86_64 | 1.1.7 | 109.00 | 152.00 | 261.00 | OK | |
| r-release-windows-x86_64 | 1.1.7 | 130.00 | 241.00 | 371.00 | OK | |
| r-oldrel-macos-arm64 | 1.1.7 | 25.00 | 51.00 | 76.00 | NOTE | |
| r-oldrel-macos-x86_64 | 1.1.7 | 48.00 | 85.00 | 133.00 | NOTE | |
| r-oldrel-windows-x86_64 | 1.1.7 | 161.00 | 288.00 | 449.00 | NOTE | 
Version: 1.1.7
Check: installed package size
Result: NOTE
    installed size is 38.1Mb
    sub-directories of 1Mb or more:
      libs  37.7Mb
Flavors: r-oldrel-macos-arm64, r-oldrel-macos-x86_64
Version: 1.1.7
Check: for GNU extensions in Makefiles
Result: NOTE
  GNU make is a SystemRequirements.
Flavors: r-oldrel-macos-arm64, r-oldrel-macos-x86_64, r-oldrel-windows-x86_64