Last updated on 2025-06-30 15:49:43 CEST.
Flavor | Version | Tinstall | Tcheck | Ttotal | Status | Flags |
---|---|---|---|---|---|---|
r-devel-linux-x86_64-debian-clang | 1.1.0 | 88.99 | 318.52 | 407.51 | OK | |
r-devel-linux-x86_64-debian-gcc | 1.1.0 | 57.51 | 204.95 | 262.46 | OK | |
r-devel-linux-x86_64-fedora-clang | 1.1.0 | 670.04 | OK | |||
r-devel-linux-x86_64-fedora-gcc | 1.1.0 | 627.24 | OK | |||
r-devel-windows-x86_64 | 1.1.0 | 95.00 | 343.00 | 438.00 | OK | |
r-patched-linux-x86_64 | OK | |||||
r-release-linux-x86_64 | 1.1.0 | 85.82 | 300.55 | 386.37 | OK | |
r-release-macos-arm64 | 1.1.0 | 154.00 | OK | |||
r-release-macos-x86_64 | 1.1.0 | 326.00 | OK | |||
r-release-windows-x86_64 | 1.1.0 | 95.00 | 340.00 | 435.00 | OK | |
r-oldrel-macos-arm64 | 1.1.0 | 149.00 | NOTE | |||
r-oldrel-macos-x86_64 | 1.1.0 | 324.00 | NOTE | |||
r-oldrel-windows-x86_64 | 1.1.0 | 120.00 | 443.00 | 563.00 | NOTE |
Version: 1.1.0
Check: installed package size
Result: NOTE
installed size is 7.5Mb
sub-directories of 1Mb or more:
R 2.0Mb
help 1.1Mb
libs 2.5Mb
Flavors: r-oldrel-macos-arm64, r-oldrel-macos-x86_64, r-oldrel-windows-x86_64