Last updated on 2025-02-22 12:50:37 CET.
Flavor | Version | Tinstall | Tcheck | Ttotal | Status | Flags |
---|---|---|---|---|---|---|
r-devel-linux-x86_64-debian-clang | 1.1.4 | 7.43 | 69.36 | 76.79 | NOTE | |
r-devel-linux-x86_64-debian-gcc | 1.1.4 | 5.29 | 49.62 | 54.91 | NOTE | |
r-devel-linux-x86_64-fedora-clang | 1.1.4 | 112.80 | NOTE | |||
r-devel-linux-x86_64-fedora-gcc | 1.1.4 | 209.16 | ERROR | |||
r-devel-macos-arm64 | 1.1.4 | 104.00 | OK | |||
r-devel-macos-x86_64 | 1.1.4 | 82.00 | NOTE | |||
r-devel-windows-x86_64 | 1.1.4 | 8.00 | 92.00 | 100.00 | NOTE | |
r-patched-linux-x86_64 | 1.1.4 | 6.96 | 63.10 | 70.06 | OK | |
r-release-linux-x86_64 | 1.1.4 | 7.07 | 62.68 | 69.75 | OK | |
r-release-macos-arm64 | 1.1.4 | 72.00 | OK | |||
r-release-macos-x86_64 | 1.1.4 | 121.00 | OK | |||
r-release-windows-x86_64 | 1.1.4 | 10.00 | 91.00 | 101.00 | OK | |
r-oldrel-macos-arm64 | 1.1.4 | 118.00 | OK | |||
r-oldrel-macos-x86_64 | 1.1.4 | 149.00 | OK | |||
r-oldrel-windows-x86_64 | 1.1.4 | 12.00 | 105.00 | 117.00 | OK |
Version: 1.1.4
Check: DESCRIPTION meta-information
Result: NOTE
Missing dependency on R >= 4.1.0 because package code uses the pipe
|> or function shorthand \(...) syntax added in R 4.1.0.
File(s) using such syntax:
‘create_matrix.R’ ‘display_map.R’ ‘draw_Lifemap.R’
Flavors: r-devel-linux-x86_64-debian-clang, r-devel-linux-x86_64-debian-gcc, r-devel-linux-x86_64-fedora-clang, r-devel-linux-x86_64-fedora-gcc, r-devel-macos-x86_64, r-devel-windows-x86_64
Version: 1.1.4
Check: re-building of vignette outputs
Result: ERROR
Error(s) in re-building vignettes:
--- re-building ‘runLifemapR.Rmd’ using rmarkdown
Quitting from lines 51-55 [buildLF] (runLifemapR.Rmd)
Error: processing vignette 'runLifemapR.Rmd' failed with diagnostics:
Can't combine `..1$taxid` <character> and `..2$taxid` <double>.
--- failed re-building ‘runLifemapR.Rmd’
SUMMARY: processing the following file failed:
‘runLifemapR.Rmd’
Error: Vignette re-building failed.
Execution halted
Flavor: r-devel-linux-x86_64-fedora-gcc