Last updated on 2025-02-22 12:50:37 CET.
Flavor | Version | Tinstall | Tcheck | Ttotal | Status | Flags |
---|---|---|---|---|---|---|
r-devel-linux-x86_64-debian-clang | 1.0.0 | 3.57 | 26.90 | 30.47 | OK | |
r-devel-linux-x86_64-debian-gcc | 1.0.0 | 3.47 | 20.26 | 23.73 | OK | |
r-devel-linux-x86_64-fedora-clang | 1.0.0 | 51.71 | OK | |||
r-devel-linux-x86_64-fedora-gcc | 1.0.0 | 50.70 | OK | |||
r-devel-macos-arm64 | 1.0.0 | 20.00 | OK | |||
r-devel-macos-x86_64 | 1.0.0 | 31.00 | OK | |||
r-devel-windows-x86_64 | 1.0.0 | 5.00 | 46.00 | 51.00 | OK | |
r-patched-linux-x86_64 | 1.0.0 | 3.66 | 26.16 | 29.82 | NOTE | |
r-release-linux-x86_64 | 1.0.0 | 3.88 | 25.31 | 29.19 | NOTE | |
r-release-macos-arm64 | 1.0.0 | 19.00 | NOTE | |||
r-release-macos-x86_64 | 1.0.0 | 26.00 | NOTE | |||
r-release-windows-x86_64 | 1.0.0 | 5.00 | 46.00 | 51.00 | NOTE | |
r-oldrel-macos-arm64 | 1.0.0 | 22.00 | NOTE | |||
r-oldrel-macos-x86_64 | 1.0.0 | 27.00 | NOTE | |||
r-oldrel-windows-x86_64 | 1.0.0 | 7.00 | 51.00 | 58.00 | NOTE |
Version: 1.0.0
Check: LazyData
Result: NOTE
'LazyData' is specified without a 'data' directory
Flavors: r-patched-linux-x86_64, r-release-linux-x86_64, r-release-macos-arm64, r-release-macos-x86_64, r-release-windows-x86_64, r-oldrel-macos-arm64, r-oldrel-macos-x86_64, r-oldrel-windows-x86_64