CRAN Package Check Results for Package LPsmooth

Last updated on 2025-03-31 12:52:46 CEST.

Flavor Version Tinstall Tcheck Ttotal Status Flags
r-devel-linux-x86_64-debian-clang 0.1.3 7.15 63.55 70.70 OK
r-devel-linux-x86_64-debian-gcc 0.1.3 4.82 44.25 49.07 OK
r-devel-linux-x86_64-fedora-clang 0.1.3 116.56 OK
r-devel-linux-x86_64-fedora-gcc 0.1.3 115.96 OK
r-devel-macos-arm64 0.1.3 34.00 OK
r-devel-macos-x86_64 0.1.3 91.00 OK
r-devel-windows-x86_64 0.1.3 10.00 78.00 88.00 OK
r-patched-linux-x86_64 0.1.3 6.37 60.47 66.84 OK
r-release-linux-x86_64 0.1.3 6.06 59.98 66.04 NOTE
r-release-macos-arm64 0.1.3 36.00 NOTE
r-release-macos-x86_64 0.1.3 48.00 NOTE
r-release-windows-x86_64 0.1.3 10.00 79.00 89.00 NOTE
r-oldrel-macos-arm64 0.1.3 NOTE
r-oldrel-macos-x86_64 0.1.3 54.00 NOTE
r-oldrel-windows-x86_64 0.1.3 11.00 95.00 106.00 NOTE

Check Details

Version: 0.1.3
Check: LazyData
Result: NOTE 'LazyData' is specified without a 'data' directory Flavors: r-release-linux-x86_64, r-release-macos-arm64, r-release-macos-x86_64, r-release-windows-x86_64, r-oldrel-macos-arm64, r-oldrel-macos-x86_64, r-oldrel-windows-x86_64