Last updated on 2025-11-24 07:50:04 CET.
| Flavor | Version | Tinstall | Tcheck | Ttotal | Status | Flags |
|---|---|---|---|---|---|---|
| r-devel-linux-x86_64-debian-clang | 0.3.0 | 10.82 | 154.16 | 164.98 | NOTE | |
| r-devel-linux-x86_64-debian-gcc | 0.3.0 | 7.79 | 113.22 | 121.01 | NOTE | |
| r-devel-linux-x86_64-fedora-clang | 0.3.0 | 21.00 | 232.20 | 253.20 | NOTE | |
| r-devel-windows-x86_64 | 0.3.0 | 17.00 | 210.00 | 227.00 | NOTE | |
| r-patched-linux-x86_64 | 0.3.0 | 13.08 | 143.11 | 156.19 | NOTE | |
| r-release-linux-x86_64 | 0.3.0 | 11.41 | 143.28 | 154.69 | NOTE | |
| r-release-macos-arm64 | 0.3.0 | NOTE | ||||
| r-release-macos-x86_64 | 0.3.0 | 10.00 | 134.00 | 144.00 | NOTE | |
| r-release-windows-x86_64 | 0.3.0 | 13.00 | 176.00 | 189.00 | NOTE | |
| r-oldrel-macos-arm64 | 0.3.0 | NOTE | ||||
| r-oldrel-macos-x86_64 | 0.3.0 | 7.00 | 104.00 | 111.00 | NOTE | |
| r-oldrel-windows-x86_64 | 0.3.0 | 18.00 | 226.00 | 244.00 | NOTE |
Version: 0.3.0
Check: Rd files
Result: NOTE
checkRd: (-1) TS_diagnostics_plot.Rd:19: Lost braces
19 | \item{interactive}{\code{logical} input, should be code{TRUE} unless
| ^
checkRd: (-1) plot.TS_fit.Rd:29: Lost braces
29 | \item{interactive}{\code{logical} input, should be code{TRUE} unless
| ^
Flavors: r-devel-linux-x86_64-debian-clang, r-devel-linux-x86_64-debian-gcc, r-devel-linux-x86_64-fedora-clang, r-devel-windows-x86_64, r-patched-linux-x86_64, r-release-linux-x86_64, r-release-macos-arm64, r-release-macos-x86_64, r-release-windows-x86_64, r-oldrel-macos-arm64, r-oldrel-macos-x86_64, r-oldrel-windows-x86_64