Last updated on 2025-05-03 22:49:58 CEST.
Flavor | Version | Tinstall | Tcheck | Ttotal | Status | Flags |
---|---|---|---|---|---|---|
r-devel-linux-x86_64-debian-clang | 1.0 | 2.65 | 65.64 | 68.29 | NOTE | |
r-devel-linux-x86_64-debian-gcc | 1.0 | 2.13 | 43.56 | 45.69 | NOTE | |
r-devel-linux-x86_64-fedora-clang | 1.0 | 109.60 | OK | |||
r-devel-linux-x86_64-fedora-gcc | 1.0 | 118.54 | OK | |||
r-devel-windows-x86_64 | 1.0 | 5.00 | 93.00 | 98.00 | OK | |
r-patched-linux-x86_64 | 1.0 | 2.82 | 62.97 | 65.79 | OK | |
r-release-linux-x86_64 | OK | |||||
r-release-macos-arm64 | 1.0 | 36.00 | OK | |||
r-release-macos-x86_64 | 1.0 | 74.00 | OK | |||
r-release-windows-x86_64 | 1.0 | 4.00 | 92.00 | 96.00 | OK | |
r-oldrel-macos-arm64 | 1.0 | 35.00 | OK | |||
r-oldrel-macos-x86_64 | 1.0 | 59.00 | OK | |||
r-oldrel-windows-x86_64 | 1.0 | 4.00 | 94.00 | 98.00 | OK |
Version: 1.0
Check: CRAN incoming feasibility
Result: NOTE
Maintainer: ‘Rui Lin <ruilin1081@gmail.com>’
The Description field contains
<arXiv:2208.13074>.
Please refer to arXiv e-prints via their arXiv DOI <doi:10.48550/arXiv.YYMM.NNNNN>.
Flavors: r-devel-linux-x86_64-debian-clang, r-devel-linux-x86_64-debian-gcc