Last updated on 2025-02-22 12:50:37 CET.
Flavor | Version | Tinstall | Tcheck | Ttotal | Status | Flags |
---|---|---|---|---|---|---|
r-devel-linux-x86_64-debian-clang | 1.0.4 | 9.31 | 48.88 | 58.19 | NOTE | |
r-devel-linux-x86_64-debian-gcc | 1.0.4 | 5.89 | 30.80 | 36.69 | NOTE | |
r-devel-linux-x86_64-fedora-clang | 1.0.4 | 93.97 | OK | |||
r-devel-linux-x86_64-fedora-gcc | 1.0.4 | 90.07 | OK | |||
r-devel-macos-arm64 | 1.0.4 | 26.00 | OK | |||
r-devel-macos-x86_64 | 1.0.4 | 51.00 | OK | |||
r-devel-windows-x86_64 | 1.0.4 | 8.00 | 66.00 | 74.00 | NOTE | |
r-patched-linux-x86_64 | 1.0.4 | 8.70 | 47.48 | 56.18 | OK | |
r-release-linux-x86_64 | 1.0.4 | 8.48 | 46.27 | 54.75 | OK | |
r-release-macos-arm64 | 1.0.4 | 26.00 | OK | |||
r-release-macos-x86_64 | 1.0.4 | 40.00 | OK | |||
r-release-windows-x86_64 | 1.0.4 | 8.00 | 73.00 | 81.00 | OK | |
r-oldrel-macos-arm64 | 1.0.4 | 29.00 | OK | |||
r-oldrel-macos-x86_64 | 1.0.4 | 48.00 | OK | |||
r-oldrel-windows-x86_64 | 1.0.4 | 9.00 | 75.00 | 84.00 | OK |
Version: 1.0.4
Check: Rd cross-references
Result: NOTE
Found the following Rd file(s) with Rd \link{} targets missing package
anchors:
Kernel.Rd: R6Class
MLP.Rd: R6Class
RBF.Rd: R6Class
Warp.Rd: R6Class
ode.Rd: R6Class
rkg3.Rd: R6Class
rkhs.Rd: R6Class
Please provide package anchors for all Rd \link{} targets not in the
package itself and the base packages.
Flavors: r-devel-linux-x86_64-debian-clang, r-devel-linux-x86_64-debian-gcc, r-devel-windows-x86_64