Last updated on 2025-11-04 07:49:57 CET.
| Flavor | Version | Tinstall | Tcheck | Ttotal | Status | Flags | 
|---|---|---|---|---|---|---|
| r-devel-linux-x86_64-debian-clang | 3.2.0 | 3.50 | 33.31 | 36.81 | NOTE | |
| r-devel-linux-x86_64-debian-gcc | 3.2.0 | 2.30 | 25.64 | 27.94 | NOTE | |
| r-devel-linux-x86_64-fedora-clang | 3.2.0 | 13.00 | 46.47 | 59.47 | NOTE | |
| r-devel-linux-x86_64-fedora-gcc | 3.2.0 | 66.26 | NOTE | |||
| r-devel-windows-x86_64 | 3.2.0 | 7.00 | 52.00 | 59.00 | NOTE | |
| r-patched-linux-x86_64 | 3.2.0 | 3.85 | 31.19 | 35.04 | NOTE | |
| r-release-linux-x86_64 | 3.2.0 | 2.43 | 31.91 | 34.34 | NOTE | |
| r-release-macos-arm64 | 3.2.0 | 2.00 | 24.00 | 26.00 | NOTE | |
| r-release-macos-x86_64 | 3.2.0 | 3.00 | 45.00 | 48.00 | NOTE | |
| r-release-windows-x86_64 | 3.2.0 | 5.00 | 52.00 | 57.00 | NOTE | |
| r-oldrel-macos-arm64 | 3.2.0 | 2.00 | 23.00 | 25.00 | NOTE | |
| r-oldrel-macos-x86_64 | 3.2.0 | 2.00 | 36.00 | 38.00 | NOTE | |
| r-oldrel-windows-x86_64 | 3.2.0 | 5.00 | 60.00 | 65.00 | NOTE | 
Version: 3.2.0
Check: CRAN incoming feasibility
Result: NOTE
  Maintainer: ‘Peter Dillingham <peter.dillingham@otago.ac.nz>’
  
  Package CITATION file contains call(s) to old-style personList() or
  as.personList().  Please use c() on person objects instead.
  Package CITATION file contains call(s) to old-style citEntry().  Please
  use bibentry() instead.
Flavors: r-devel-linux-x86_64-debian-clang, r-devel-linux-x86_64-debian-gcc
Version: 3.2.0
Check: Rd files
Result: NOTE
  checkRd: (-1) ISEtools-package.Rd:12-20: Only 2 columns allowed in this table (row 4 has 1)
  checkRd: (-1) ISEtools-package.Rd:12-20: Only 2 columns allowed in this table (row 7 has 1)
  checkRd: (-1) analyseISE.Rd:66: Lost braces; missing escapes or markup?
      66 |         False positive rate used for detection threshold (not output) to calculate LOD(alpha, beta) {only returned if SN = NA}
         |                                                                                                     ^
  checkRd: (-1) analyseISE.Rd:69: Lost braces; missing escapes or markup?
      69 |         False negative rate used to calculate LOD(alpha, beta) {only returned if SN = NA}
         |                                                                ^
  checkRd: (-1) describeISE.Rd:71: Lost braces; missing escapes or markup?
      71 |         False positive rate used for detection threshold (not output) to calculate LOD(alpha, beta) {only returned if SN = NA}
         |                                                                                                     ^
  checkRd: (-1) describeISE.Rd:74: Lost braces; missing escapes or markup?
      74 |         False negative rate used to calculate LOD(alpha, beta) {only returned if SN = NA}
         |                                                                ^
Flavors: r-devel-linux-x86_64-debian-clang, r-devel-linux-x86_64-debian-gcc, r-devel-linux-x86_64-fedora-clang, r-devel-linux-x86_64-fedora-gcc, r-devel-windows-x86_64
Version: 3.2.0
Check: Rd files
Result: NOTE
  checkRd: (-1) analyseISE.Rd:66: Lost braces; missing escapes or markup?
      66 |         False positive rate used for detection threshold (not output) to calculate LOD(alpha, beta) {only returned if SN = NA}
         |                                                                                                     ^
  checkRd: (-1) analyseISE.Rd:69: Lost braces; missing escapes or markup?
      69 |         False negative rate used to calculate LOD(alpha, beta) {only returned if SN = NA}
         |                                                                ^
  checkRd: (-1) describeISE.Rd:71: Lost braces; missing escapes or markup?
      71 |         False positive rate used for detection threshold (not output) to calculate LOD(alpha, beta) {only returned if SN = NA}
         |                                                                                                     ^
  checkRd: (-1) describeISE.Rd:74: Lost braces; missing escapes or markup?
      74 |         False negative rate used to calculate LOD(alpha, beta) {only returned if SN = NA}
         |                                                                ^
Flavors: r-patched-linux-x86_64, r-release-linux-x86_64, r-release-macos-arm64, r-release-macos-x86_64, r-release-windows-x86_64, r-oldrel-macos-arm64, r-oldrel-macos-x86_64, r-oldrel-windows-x86_64