Last updated on 2024-05-10 13:49:21 CEST.
Flavor | Version | Tinstall | Tcheck | Ttotal | Status | Flags |
---|---|---|---|---|---|---|
r-devel-linux-x86_64-debian-clang | 0.1-12 | 6.74 | 59.70 | 66.44 | NOTE | |
r-devel-linux-x86_64-debian-gcc | 0.1-12 | 5.64 | 44.61 | 50.25 | NOTE | |
r-devel-linux-x86_64-fedora-clang | 0.1-12 | 82.41 | OK | |||
r-devel-linux-x86_64-fedora-gcc | 0.1-12 | 154.28 | OK | |||
r-devel-windows-x86_64 | 0.1-12 | 7.00 | 65.00 | 72.00 | OK | |
r-patched-linux-x86_64 | 0.1-12 | 6.82 | 57.88 | 64.70 | NOTE | |
r-release-linux-x86_64 | 0.1-12 | 6.93 | 57.39 | 64.32 | NOTE | |
r-release-macos-arm64 | 0.1-12 | 26.00 | NOTE | |||
r-release-windows-x86_64 | 0.1-12 | 7.00 | 64.00 | 71.00 | OK | |
r-oldrel-macos-arm64 | 0.1-12 | 36.00 | NOTE | |||
r-oldrel-macos-x86_64 | 0.1-12 | 101.00 | NOTE | |||
r-oldrel-windows-x86_64 | 0.1-12 | 8.00 | 69.00 | 77.00 | NOTE |
Version: 0.1-12
Check: package dependencies
Result: NOTE
Package suggested but not available for checking: ‘INLA’
Flavors: r-devel-linux-x86_64-debian-clang, r-devel-linux-x86_64-debian-gcc, r-patched-linux-x86_64, r-release-linux-x86_64, r-release-macos-arm64, r-oldrel-macos-arm64, r-oldrel-macos-x86_64, r-oldrel-windows-x86_64