Last updated on 2025-02-05 13:51:01 CET.
Flavor | Version | Tinstall | Tcheck | Ttotal | Status | Flags |
---|---|---|---|---|---|---|
r-devel-linux-x86_64-debian-clang | 0.1.0 | 3.49 | 63.24 | 66.73 | OK | |
r-devel-linux-x86_64-debian-gcc | 0.1.0 | 2.42 | 49.80 | 52.22 | OK | |
r-devel-linux-x86_64-fedora-clang | 0.1.0 | 116.00 | OK | |||
r-devel-linux-x86_64-fedora-gcc | 0.1.0 | 118.19 | OK | |||
r-devel-windows-x86_64 | 0.1.0 | 5.00 | 132.00 | 137.00 | OK | |
r-patched-linux-x86_64 | 0.1.0 | 3.92 | 60.89 | 64.81 | NOTE | |
r-release-linux-x86_64 | 0.1.0 | 3.37 | 61.01 | 64.38 | NOTE | |
r-release-macos-arm64 | 0.1.0 | 44.00 | NOTE | |||
r-release-macos-x86_64 | 0.1.0 | 61.00 | NOTE | |||
r-release-windows-x86_64 | 0.1.0 | 4.00 | 129.00 | 133.00 | NOTE | |
r-oldrel-macos-arm64 | 0.1.0 | 38.00 | NOTE | |||
r-oldrel-macos-x86_64 | 0.1.0 | 59.00 | NOTE | |||
r-oldrel-windows-x86_64 | 0.1.0 | 4.00 | 103.00 | 107.00 | NOTE |
Version: 0.1.0
Check: LazyData
Result: NOTE
'LazyData' is specified without a 'data' directory
Flavors: r-patched-linux-x86_64, r-release-linux-x86_64, r-release-macos-arm64, r-release-macos-x86_64, r-release-windows-x86_64, r-oldrel-macos-arm64, r-oldrel-macos-x86_64, r-oldrel-windows-x86_64