Last updated on 2025-05-03 22:49:56 CEST.
Flavor | Version | Tinstall | Tcheck | Ttotal | Status | Flags |
---|---|---|---|---|---|---|
r-devel-linux-x86_64-debian-clang | 1.1 | 1.55 | 18.20 | 19.75 | NOTE | |
r-devel-linux-x86_64-debian-gcc | 1.1 | 1.50 | 15.30 | 16.80 | NOTE | |
r-devel-linux-x86_64-fedora-clang | 1.1 | 31.74 | NOTE | |||
r-devel-linux-x86_64-fedora-gcc | 1.1 | 30.49 | NOTE | |||
r-devel-windows-x86_64 | 1.1 | 3.00 | 40.00 | 43.00 | NOTE | |
r-patched-linux-x86_64 | 1.1 | 1.71 | 17.80 | 19.51 | NOTE | |
r-release-linux-x86_64 | NOTE | |||||
r-release-macos-arm64 | 1.1 | 16.00 | NOTE | |||
r-release-macos-x86_64 | 1.1 | 29.00 | NOTE | |||
r-release-windows-x86_64 | 1.1 | 3.00 | 39.00 | 42.00 | NOTE | |
r-oldrel-macos-arm64 | 1.1 | 15.00 | NOTE | |||
r-oldrel-macos-x86_64 | 1.1 | 22.00 | NOTE | |||
r-oldrel-windows-x86_64 | 1.1 | 3.00 | 44.00 | 47.00 | NOTE |
Version: 1.1
Check: Rd files
Result: NOTE
checkRd: (-1) data.Rd:7: Lost braces in \itemize; meant \describe ?
checkRd: (-1) data.Rd:8: Lost braces in \itemize; meant \describe ?
checkRd: (-1) data.Rd:9: Lost braces in \itemize; meant \describe ?
Flavors: r-devel-linux-x86_64-debian-clang, r-devel-linux-x86_64-debian-gcc, r-devel-linux-x86_64-fedora-clang, r-devel-linux-x86_64-fedora-gcc, r-devel-windows-x86_64, r-patched-linux-x86_64, r-release-linux-x86_64, r-release-macos-arm64, r-release-macos-x86_64, r-release-windows-x86_64, r-oldrel-macos-arm64, r-oldrel-macos-x86_64, r-oldrel-windows-x86_64