Last updated on 2025-11-03 07:48:41 CET.
| Flavor | Version | Tinstall | Tcheck | Ttotal | Status | Flags | 
|---|---|---|---|---|---|---|
| r-devel-linux-x86_64-debian-clang | 1.1.3 | 4.64 | 65.24 | 69.88 | OK | |
| r-devel-linux-x86_64-debian-gcc | 1.1.3 | 3.17 | 47.31 | 50.48 | OK | |
| r-devel-linux-x86_64-fedora-clang | 1.1.3 | 19.00 | 94.39 | 113.39 | OK | |
| r-devel-linux-x86_64-fedora-gcc | 1.1.3 | 108.87 | OK | |||
| r-devel-windows-x86_64 | 1.1.3 | 7.00 | 89.00 | 96.00 | OK | |
| r-patched-linux-x86_64 | 1.1.3 | 5.58 | 61.84 | 67.42 | OK | |
| r-release-linux-x86_64 | 1.1.3 | 4.55 | 62.67 | 67.22 | OK | |
| r-release-macos-arm64 | 1.1.3 | 2.00 | 56.00 | 58.00 | OK | |
| r-release-macos-x86_64 | 1.1.3 | 4.00 | 76.00 | 80.00 | OK | |
| r-release-windows-x86_64 | 1.1.3 | 8.00 | 87.00 | 95.00 | OK | |
| r-oldrel-macos-arm64 | 1.1.3 | 3.00 | 42.00 | 45.00 | NOTE | |
| r-oldrel-macos-x86_64 | 1.1.3 | 6.00 | 95.00 | 101.00 | NOTE | |
| r-oldrel-windows-x86_64 | 1.1.3 | 10.00 | 107.00 | 117.00 | NOTE | 
Version: 1.1.3
Check: installed package size
Result: NOTE
    installed size is  7.4Mb
    sub-directories of 1Mb or more:
      extdata   5.7Mb
Flavors: r-oldrel-macos-arm64, r-oldrel-macos-x86_64, r-oldrel-windows-x86_64