Last updated on 2025-02-22 12:50:35 CET.
Flavor | Version | Tinstall | Tcheck | Ttotal | Status | Flags |
---|---|---|---|---|---|---|
r-devel-linux-x86_64-debian-clang | 1.1.9 | 12.92 | 88.77 | 101.69 | OK | |
r-devel-linux-x86_64-debian-gcc | 1.1.9 | 8.35 | 61.31 | 69.66 | OK | |
r-devel-linux-x86_64-fedora-clang | 1.1.9 | 164.76 | OK | |||
r-devel-linux-x86_64-fedora-gcc | 1.1.9 | 151.95 | OK | |||
r-devel-macos-arm64 | 1.1.9 | 41.00 | OK | |||
r-devel-macos-x86_64 | 1.1.9 | 83.00 | OK | |||
r-devel-windows-x86_64 | 1.1.9 | 14.00 | 88.00 | 102.00 | OK | |
r-patched-linux-x86_64 | 1.1.9 | 13.30 | 81.17 | 94.47 | NOTE | |
r-release-linux-x86_64 | 1.1.9 | 11.79 | 81.14 | 92.93 | NOTE | |
r-release-macos-arm64 | 1.1.9 | 46.00 | NOTE | |||
r-release-macos-x86_64 | 1.1.9 | 68.00 | NOTE | |||
r-release-windows-x86_64 | 1.1.9 | 13.00 | 88.00 | 101.00 | NOTE | |
r-oldrel-macos-arm64 | 1.1.9 | 49.00 | NOTE | |||
r-oldrel-macos-x86_64 | 1.1.9 | 75.00 | NOTE | |||
r-oldrel-windows-x86_64 | 1.1.9 | 18.00 | 110.00 | 128.00 | NOTE |
Version: 1.1.9
Check: LazyData
Result: NOTE
'LazyData' is specified without a 'data' directory
Flavors: r-patched-linux-x86_64, r-release-linux-x86_64, r-release-macos-arm64, r-release-macos-x86_64, r-release-windows-x86_64, r-oldrel-macos-arm64, r-oldrel-macos-x86_64, r-oldrel-windows-x86_64