Last updated on 2024-05-11 12:48:02 CEST.
Flavor | Version | Tinstall | Tcheck | Ttotal | Status | Flags |
---|---|---|---|---|---|---|
r-devel-linux-x86_64-debian-clang | 1.1 | 129.88 | 35.02 | 164.90 | NOTE | |
r-devel-linux-x86_64-debian-gcc | 1.1 | 106.85 | 26.94 | 133.79 | NOTE | |
r-devel-linux-x86_64-fedora-clang | 1.1 | 265.61 | NOTE | |||
r-devel-linux-x86_64-fedora-gcc | 1.1 | 267.84 | NOTE | |||
r-devel-windows-x86_64 | 1.1 | 105.00 | 71.00 | 176.00 | NOTE | |
r-patched-linux-x86_64 | 1.1 | 133.88 | 34.27 | 168.15 | NOTE | |
r-release-linux-x86_64 | 1.1 | 140.33 | 33.33 | 173.66 | NOTE | |
r-release-macos-arm64 | 1.1 | 42.00 | NOTE | |||
r-release-windows-x86_64 | 1.1 | 104.00 | 69.00 | 173.00 | NOTE | |
r-oldrel-macos-arm64 | 1.1 | 59.00 | NOTE | |||
r-oldrel-macos-x86_64 | 1.1 | 101.00 | NOTE | |||
r-oldrel-windows-x86_64 | 1.1 | 132.00 | 74.00 | 206.00 | NOTE |
Version: 1.1
Check: C++ specification
Result: NOTE
Specified C++11: please drop specification unless essential
Flavors: r-devel-linux-x86_64-debian-clang, r-devel-linux-x86_64-debian-gcc, r-devel-linux-x86_64-fedora-clang, r-devel-linux-x86_64-fedora-gcc, r-devel-windows-x86_64, r-patched-linux-x86_64, r-release-linux-x86_64, r-release-macos-arm64, r-release-windows-x86_64, r-oldrel-macos-arm64, r-oldrel-macos-x86_64, r-oldrel-windows-x86_64
Version: 1.1
Check: installed package size
Result: NOTE
installed size is 5.0Mb
sub-directories of 1Mb or more:
data 3.5Mb
libs 1.3Mb
Flavors: r-devel-windows-x86_64, r-release-macos-arm64, r-release-windows-x86_64, r-oldrel-macos-arm64, r-oldrel-macos-x86_64, r-oldrel-windows-x86_64