Last updated on 2024-05-09 12:49:13 CEST.
Flavor | Version | Tinstall | Tcheck | Ttotal | Status | Flags |
---|---|---|---|---|---|---|
r-devel-linux-x86_64-debian-clang | 1.0.0 | 55.82 | 100.22 | 156.04 | OK | |
r-devel-linux-x86_64-debian-gcc | 1.0.0 | 45.92 | 74.51 | 120.43 | OK | |
r-devel-linux-x86_64-fedora-clang | 1.0.0 | 214.71 | NOTE | |||
r-devel-linux-x86_64-fedora-gcc | 1.0.0 | 209.92 | OK | |||
r-devel-windows-x86_64 | 1.0.0 | 50.00 | 110.00 | 160.00 | NOTE | |
r-patched-linux-x86_64 | 1.0.0 | 51.90 | 94.72 | 146.62 | OK | |
r-release-linux-x86_64 | 1.0.0 | 41.64 | 96.53 | 138.17 | OK | |
r-release-macos-arm64 | 1.0.0 | 55.00 | NOTE | |||
r-release-macos-x86_64 | 1.0.0 | 144.00 | NOTE | |||
r-release-windows-x86_64 | 1.0.0 | 50.00 | 113.00 | 163.00 | NOTE | |
r-oldrel-macos-arm64 | 1.0.0 | 57.00 | NOTE | |||
r-oldrel-macos-x86_64 | 1.0.0 | 124.00 | NOTE | |||
r-oldrel-windows-x86_64 | 1.0.0 | 62.00 | 134.00 | 196.00 | NOTE |
Version: 1.0.0
Check: installed package size
Result: NOTE
installed size is 5.5Mb
sub-directories of 1Mb or more:
data 4.7Mb
Flavors: r-devel-linux-x86_64-fedora-clang, r-devel-windows-x86_64, r-release-macos-arm64, r-release-macos-x86_64, r-release-windows-x86_64, r-oldrel-macos-arm64, r-oldrel-macos-x86_64, r-oldrel-windows-x86_64