Last updated on 2024-05-11 12:48:02 CEST.
Flavor | Version | Tinstall | Tcheck | Ttotal | Status | Flags |
---|---|---|---|---|---|---|
r-devel-linux-x86_64-debian-clang | 1.0.0 | 19.76 | 181.51 | 201.27 | OK | |
r-devel-linux-x86_64-debian-gcc | 1.0.0 | 15.75 | 135.08 | 150.83 | OK | |
r-devel-linux-x86_64-fedora-clang | 1.0.0 | 263.23 | OK | |||
r-devel-linux-x86_64-fedora-gcc | 1.0.0 | 231.86 | OK | |||
r-devel-windows-x86_64 | 1.0.0 | 17.00 | 130.00 | 147.00 | OK | |
r-patched-linux-x86_64 | 1.0.0 | 15.77 | 174.32 | 190.09 | OK | |
r-release-linux-x86_64 | 1.0.0 | 15.31 | 169.96 | 185.27 | OK | |
r-release-macos-arm64 | 1.0.0 | 5.00 | ERROR | |||
r-release-macos-x86_64 | 1.0.0 | 142.00 | OK | |||
r-release-windows-x86_64 | 1.0.0 | 18.00 | 130.00 | 148.00 | OK | |
r-oldrel-macos-arm64 | 1.0.0 | 74.00 | OK | |||
r-oldrel-macos-x86_64 | 1.0.0 | 6.00 | ERROR | |||
r-oldrel-windows-x86_64 | 1.0.0 | 23.00 | 171.00 | 194.00 | OK |
Version: 1.0.0
Check: package dependencies
Result: ERROR
Package required but not available: ‘org.Mm.eg.db’
See section ‘The DESCRIPTION file’ in the ‘Writing R Extensions’
manual.
Flavors: r-release-macos-arm64, r-oldrel-macos-x86_64