Last updated on 2025-11-24 07:50:02 CET.
| Flavor | Version | Tinstall | Tcheck | Ttotal | Status | Flags |
|---|---|---|---|---|---|---|
| r-devel-linux-x86_64-debian-clang | 0.0.3 | 1.53 | 31.58 | 33.11 | OK | |
| r-devel-linux-x86_64-debian-gcc | 0.0.3 | 1.51 | 25.73 | 27.24 | OK | |
| r-devel-linux-x86_64-fedora-clang | 0.0.3 | 47.11 | OK | |||
| r-devel-windows-x86_64 | 0.0.3 | 3.00 | 45.00 | 48.00 | OK | |
| r-patched-linux-x86_64 | 0.0.3 | 1.58 | 30.49 | 32.07 | OK | |
| r-release-linux-x86_64 | 0.0.3 | 1.47 | 30.37 | 31.84 | OK | |
| r-release-macos-arm64 | 0.0.3 | OK | ||||
| r-release-macos-x86_64 | 0.0.3 | 2.00 | 41.00 | 43.00 | OK | |
| r-release-windows-x86_64 | 0.0.3 | 3.00 | 46.00 | 49.00 | OK | |
| r-oldrel-macos-arm64 | 0.0.3 | NOTE | ||||
| r-oldrel-macos-x86_64 | 0.0.3 | 2.00 | 33.00 | 35.00 | NOTE | |
| r-oldrel-windows-x86_64 | 0.0.3 | 3.00 | 54.00 | 57.00 | NOTE |
Version: 0.0.3
Check: LazyData
Result: NOTE
'LazyData' is specified without a 'data' directory
Flavors: r-oldrel-macos-arm64, r-oldrel-macos-x86_64, r-oldrel-windows-x86_64