Last updated on 2024-05-13 11:56:36 CEST.
Flavor | Version | Tinstall | Tcheck | Ttotal | Status | Flags |
---|---|---|---|---|---|---|
r-devel-linux-x86_64-debian-clang | 1.0 | 8.39 | 135.22 | 143.61 | OK | |
r-devel-linux-x86_64-debian-gcc | 1.0 | 7.01 | 97.69 | 104.70 | OK | |
r-devel-linux-x86_64-fedora-clang | 1.0 | 178.26 | OK | |||
r-devel-linux-x86_64-fedora-gcc | 1.0 | 183.83 | OK | |||
r-devel-windows-x86_64 | 1.0 | 11.00 | 107.00 | 118.00 | NOTE | |
r-patched-linux-x86_64 | 1.0 | 10.29 | 126.15 | 136.44 | OK | |
r-release-linux-x86_64 | 1.0 | 10.47 | 125.43 | 135.90 | OK | |
r-release-macos-arm64 | 1.0 | 53.00 | OK | |||
r-release-windows-x86_64 | 1.0 | 12.00 | 109.00 | 121.00 | NOTE | |
r-oldrel-macos-arm64 | 1.0 | 62.00 | OK | |||
r-oldrel-macos-x86_64 | 1.0 | 95.00 | OK | |||
r-oldrel-windows-x86_64 | 1.0 | 13.00 | 129.00 | 142.00 | NOTE |
Version: 1.0
Check: package dependencies
Result: NOTE
Package suggested but not available for checking: 'doMC'
Flavors: r-devel-windows-x86_64, r-release-windows-x86_64, r-oldrel-windows-x86_64