Last updated on 2025-06-30 15:49:40 CEST.
Flavor | Version | Tinstall | Tcheck | Ttotal | Status | Flags |
---|---|---|---|---|---|---|
r-devel-linux-x86_64-debian-clang | 1.3.2 | 2.74 | 137.65 | 140.39 | NOTE | |
r-devel-linux-x86_64-debian-gcc | 1.3.2 | 2.21 | 89.45 | 91.66 | NOTE | |
r-devel-linux-x86_64-fedora-clang | 1.3.2 | 236.46 | OK | |||
r-devel-linux-x86_64-fedora-gcc | 1.3.2 | 224.11 | OK | |||
r-devel-windows-x86_64 | 1.3.2 | 5.00 | 223.00 | 228.00 | OK | |
r-patched-linux-x86_64 | OK | |||||
r-release-linux-x86_64 | 1.3.2 | 2.76 | 132.39 | 135.15 | OK | |
r-release-macos-arm64 | 1.3.2 | 66.00 | OK | |||
r-release-macos-x86_64 | 1.3.2 | 124.00 | OK | |||
r-release-windows-x86_64 | 1.3.2 | 5.00 | 229.00 | 234.00 | OK | |
r-oldrel-macos-arm64 | 1.3.2 | 64.00 | OK | |||
r-oldrel-macos-x86_64 | 1.3.2 | 101.00 | OK | |||
r-oldrel-windows-x86_64 | 1.3.2 | 6.00 | 253.00 | 259.00 | OK |
Version: 1.3.2
Check: CRAN incoming feasibility
Result: NOTE
Maintainer: ‘Sergio Venturini <sergio.venturini@unibocconi.it>’
No Authors@R field in DESCRIPTION.
Please add one, modifying
Authors@R: person(given = "Sergio",
family = "Venturini",
role = c("aut", "cre"),
email = "sergio.venturini@unibocconi.it")
as necessary.
Flavors: r-devel-linux-x86_64-debian-clang, r-devel-linux-x86_64-debian-gcc