Last updated on 2025-05-03 22:49:55 CEST.
Flavor | Version | Tinstall | Tcheck | Ttotal | Status | Flags |
---|---|---|---|---|---|---|
r-devel-linux-x86_64-debian-clang | 1.0 | 2.65 | 24.28 | 26.93 | NOTE | |
r-devel-linux-x86_64-debian-gcc | 1.0 | 2.04 | 19.40 | 21.44 | NOTE | |
r-devel-linux-x86_64-fedora-clang | 1.0 | 43.38 | OK | |||
r-devel-linux-x86_64-fedora-gcc | 1.0 | 40.60 | OK | |||
r-devel-windows-x86_64 | 1.0 | 3.00 | 45.00 | 48.00 | OK | |
r-patched-linux-x86_64 | 1.0 | 2.57 | 23.36 | 25.93 | OK | |
r-release-linux-x86_64 | OK | |||||
r-release-macos-arm64 | 1.0 | 21.00 | OK | |||
r-release-macos-x86_64 | 1.0 | 38.00 | OK | |||
r-release-windows-x86_64 | 1.0 | 3.00 | 45.00 | 48.00 | OK | |
r-oldrel-macos-arm64 | 1.0 | 18.00 | OK | |||
r-oldrel-macos-x86_64 | 1.0 | 26.00 | OK | |||
r-oldrel-windows-x86_64 | 1.0 | 5.00 | 49.00 | 54.00 | OK |
Version: 1.0
Check: CRAN incoming feasibility
Result: NOTE
Maintainer: ‘Xiaoping Shi <xiaoping.shi@ubc.ca>’
The Description field contains
<arXiv:2107.00728>.
Please refer to arXiv e-prints via their arXiv DOI <doi:10.48550/arXiv.YYMM.NNNNN>.
Flavors: r-devel-linux-x86_64-debian-clang, r-devel-linux-x86_64-debian-gcc